{"id":916,"date":"2017-11-26T13:38:50","date_gmt":"2017-11-26T13:38:50","guid":{"rendered":"http:\/\/2017.burbankwerner.de\/?page_id=916"},"modified":"2020-12-27T21:34:52","modified_gmt":"2020-12-27T21:34:52","slug":"24-25-november-ubud","status":"publish","type":"page","link":"http:\/\/2017.burbankwerner.de\/?page_id=916","title":{"rendered":"24.-25. November &#8211; Ubud"},"content":{"rendered":"<h3>Freitag, 24. November &#8211; &#8222;Willkommen in Bali!&#8220;<\/h3>\n<p><a href=\"https:\/\/goo.gl\/maps\/y2BW8cAnHUQ2\"><strong>Karte<\/strong><\/a><\/p>\n<p><img loading=\"lazy\" decoding=\"async\" class=\"alignnone wp-image-918 size-large\" src=\"http:\/\/2017.burbankwerner.de\/wp-content\/uploads\/2017\/11\/2017-11-24-Nickwelcome-1024x806.jpg\" alt=\"\" width=\"660\" height=\"519\" srcset=\"http:\/\/2017.burbankwerner.de\/wp-content\/uploads\/2017\/11\/2017-11-24-Nickwelcome-1024x806.jpg 1024w, http:\/\/2017.burbankwerner.de\/wp-content\/uploads\/2017\/11\/2017-11-24-Nickwelcome-300x236.jpg 300w, http:\/\/2017.burbankwerner.de\/wp-content\/uploads\/2017\/11\/2017-11-24-Nickwelcome-768x604.jpg 768w, http:\/\/2017.burbankwerner.de\/wp-content\/uploads\/2017\/11\/2017-11-24-Nickwelcome.jpg 1200w\" sizes=\"(max-width: 660px) 100vw, 660px\" \/><\/p>\n<p><a href=\"http:\/\/2017.burbankwerner.de\/?page_id=936\"><img loading=\"lazy\" decoding=\"async\" class=\"alignright wp-image-95\" src=\"http:\/\/2017.burbankwerner.de\/wp-content\/uploads\/2017\/09\/Union-Jack-300x150.png\" alt=\"\" width=\"166\" height=\"83\" srcset=\"http:\/\/2017.burbankwerner.de\/wp-content\/uploads\/2017\/09\/Union-Jack-300x150.png 300w, http:\/\/2017.burbankwerner.de\/wp-content\/uploads\/2017\/09\/Union-Jack-768x384.png 768w, http:\/\/2017.burbankwerner.de\/wp-content\/uploads\/2017\/09\/Union-Jack-1024x512.png 1024w, http:\/\/2017.burbankwerner.de\/wp-content\/uploads\/2017\/09\/Union-Jack.png 1280w\" sizes=\"(max-width: 166px) 100vw, 166px\" \/><\/a>Die Karte zeigt den f\u00fcnfst\u00fcndigen Flug von Adelaide nach Denpasar. Jetstar, die Billig-Tochter von Quantas flog zuverl\u00e4ssig, aber mit niedrigstem Standard. Durchgesessene Sitze, supereng &#8211; nichts, was man lange haben m\u00f6chte.<\/p>\n<p>Leider ging \u00fcber Denpasar gerade ein Gewitter nieder. Erst hat es einen ordentlichen Schlag getan &#8211; dann ist der Flieger erstmal abgedreht und hat eine Ehrenrunde gedreht &#8211; schlie\u00dflich sind wir sicher und nicht zu hart gelandet.<\/p>\n<p>Eine rund 1,5 Stunden lange Fahrt durch den Regen bringt uns zur Unterkunft in Ubud:<\/p>\n<p><a href=\"https:\/\/goo.gl\/maps\/RFtRq88KKQt\"><strong>Karte<\/strong><\/a><\/p>\n<p><img loading=\"lazy\" decoding=\"async\" class=\"alignnone wp-image-921 size-large\" src=\"http:\/\/2017.burbankwerner.de\/wp-content\/uploads\/2017\/11\/2017-11-24-wwPool-1024x768.jpg\" alt=\"\" width=\"660\" height=\"495\" srcset=\"http:\/\/2017.burbankwerner.de\/wp-content\/uploads\/2017\/11\/2017-11-24-wwPool-1024x768.jpg 1024w, http:\/\/2017.burbankwerner.de\/wp-content\/uploads\/2017\/11\/2017-11-24-wwPool-300x225.jpg 300w, http:\/\/2017.burbankwerner.de\/wp-content\/uploads\/2017\/11\/2017-11-24-wwPool-768x576.jpg 768w, http:\/\/2017.burbankwerner.de\/wp-content\/uploads\/2017\/11\/2017-11-24-wwPool.jpg 1200w\" sizes=\"(max-width: 660px) 100vw, 660px\" \/><\/p>\n<p>Wir waren schon 2013 in &#8222;<a href=\"http:\/\/www.nickspensionbali.com\/\">Nick&#8217;s Pension<\/a>&#8222;. Das nette an der kleinen Anlage ist das Reisfeld, um das sich verschiedene Geb\u00e4ude mit jeweils ein bis drei Zimmern gruppieren.<\/p>\n<p>Leider hat unser Zimmer nur eine Badewanne &#8211; deshalb ziehen wir am Morgen erstmal um &#8211; in ein Zimmer, das weit unten am Fluss liegt.<\/p>\n<p>Nachdem wir gefr\u00fchst\u00fcckt und uns sortiert haben, steht shoppen auf dem Programm:<\/p>\n<p><img loading=\"lazy\" decoding=\"async\" class=\"alignnone size-large wp-image-919\" src=\"http:\/\/2017.burbankwerner.de\/wp-content\/uploads\/2017\/11\/2017-11-24-shopping-1024x768.jpg\" alt=\"\" width=\"660\" height=\"495\" srcset=\"http:\/\/2017.burbankwerner.de\/wp-content\/uploads\/2017\/11\/2017-11-24-shopping-1024x768.jpg 1024w, http:\/\/2017.burbankwerner.de\/wp-content\/uploads\/2017\/11\/2017-11-24-shopping-300x225.jpg 300w, http:\/\/2017.burbankwerner.de\/wp-content\/uploads\/2017\/11\/2017-11-24-shopping-768x576.jpg 768w, http:\/\/2017.burbankwerner.de\/wp-content\/uploads\/2017\/11\/2017-11-24-shopping.jpg 1200w\" sizes=\"(max-width: 660px) 100vw, 660px\" \/><\/p>\n<p>Ubud verf\u00fcgt &#8211; wie viele Touri-Orte auf der Welt &#8211; \u00fcber eine riesige Anzahl von L\u00e4den, die alle genau das Gleiche verkaufen: Schnitzereien, T\u00fccher, Taschen und lockere Klamotten .<\/p>\n<p>Wir erstehen einiges, Annette sucht verzweifelt nach Frangipani-Essenz, die es irgendwie nicht mehr gibt und Wendelin wartet auf den n\u00e4chsten Kaffee&#8230;<\/p>\n<p><img loading=\"lazy\" decoding=\"async\" class=\"alignnone size-large wp-image-917\" src=\"http:\/\/2017.burbankwerner.de\/wp-content\/uploads\/2017\/11\/2017-11-24-Regen-1024x768.jpg\" alt=\"\" width=\"660\" height=\"495\" srcset=\"http:\/\/2017.burbankwerner.de\/wp-content\/uploads\/2017\/11\/2017-11-24-Regen-1024x768.jpg 1024w, http:\/\/2017.burbankwerner.de\/wp-content\/uploads\/2017\/11\/2017-11-24-Regen-300x225.jpg 300w, http:\/\/2017.burbankwerner.de\/wp-content\/uploads\/2017\/11\/2017-11-24-Regen-768x576.jpg 768w, http:\/\/2017.burbankwerner.de\/wp-content\/uploads\/2017\/11\/2017-11-24-Regen.jpg 1200w\" sizes=\"(max-width: 660px) 100vw, 660px\" \/><\/p>\n<p>Naja, ok, das ist ein Bier &#8211; aber da ist es auch schon nach vier. Auf dem R\u00fcckweg von einem Ausflug auf der Main-Road (wir haben eine balinesische SIM-Karte gekauft) werden wir vom Regen \u00fcberrascht, der nach wenigen Minuten sturzbachartig herniederprasselt. Wir retten uns zun\u00e4chst in einen Klamottenladen, den wir mit zwei schicken Shirts f\u00fcr Annette im Sturmschritt verlassen, um uns gleich nebenan in der Bierboutique vor dem nichtalkoholischen Nass zu sch\u00fctzen.<\/p>\n<p>Es hilft nichts &#8211; wir m\u00fcssen los und kaufen zwei der hier \u00fcblichen Touristen-Plastik-Ponchos f\u00fcr je 1 Euro. Wir haben n\u00e4mlich f\u00fcr f\u00fcnf eine einst\u00fcndige balinesische R\u00fccken und Schulter-Massage gebucht.<\/p>\n<p>Nach 60 Minuten Kneten haben R\u00fcckenweh wie Regen ein Ende&#8230;<\/p>\n<p>\u00dcber die glitschigen Stufen geht es zur\u00fcck zum Zimmer und dann zu einem etwas stylischen Lokal, das aber sehr authentische balinesische K\u00fcche anbietet. Nicht billig, aber gut!<\/p>\n<p><img loading=\"lazy\" decoding=\"async\" class=\"alignnone size-large wp-image-922\" src=\"http:\/\/2017.burbankwerner.de\/wp-content\/uploads\/2017\/11\/2017-11-24-S\u00e4nger-1024x768.jpg\" alt=\"\" width=\"660\" height=\"495\" srcset=\"http:\/\/2017.burbankwerner.de\/wp-content\/uploads\/2017\/11\/2017-11-24-S\u00e4nger-1024x768.jpg 1024w, http:\/\/2017.burbankwerner.de\/wp-content\/uploads\/2017\/11\/2017-11-24-S\u00e4nger-300x225.jpg 300w, http:\/\/2017.burbankwerner.de\/wp-content\/uploads\/2017\/11\/2017-11-24-S\u00e4nger-768x576.jpg 768w, http:\/\/2017.burbankwerner.de\/wp-content\/uploads\/2017\/11\/2017-11-24-S\u00e4nger.jpg 1200w\" sizes=\"(max-width: 660px) 100vw, 660px\" \/><\/p>\n<p>Das Highlight es Abends sind zwei Orange-Arak, die wir in einem Lokal\u00a0 mit Livemusik einnehmen: Die Coverband begl\u00fcckte die anwesende Jugend (also wir sind nicht gemeint&#8230;) mit Klassikern der Pop-Kultur: Hey Joe von Jimmy, Blowin&#8216; in the wind und als H\u00f6hepunkt &#8222;The House Of The Rising Sun&#8220; &#8230;<\/p>\n<h3>Samstag, 25. November &#8211; Wanderung in den Reisfeldern und noch eine kaputte Kamera<\/h3>\n<p><a href=\"https:\/\/goo.gl\/maps\/Ch7fByVfGqP2\"><strong>Karte<\/strong><\/a><\/p>\n<p>Am Samstag Vormittag wollen wir die Sonnenstunden nutzen und durch die Reisfelder zu dem sch\u00f6nen Lokal &#8222;<a href=\"http:\/\/www.ladyironchef.com\/2016\/04\/sari-organik-ubud\/\">Sari Organik&#8220;<\/a>, das wir schon fr\u00fcher besucht haben. Der Weg f\u00fchrt n\u00f6rdlich aus Ubud heraus, mittlerweile sind gro\u00dfe Teile des Weges, der 2013 noch durch die Reisfelder f\u00fchrte, rechts und links bebaut.<\/p>\n<figure id=\"attachment_928\" aria-describedby=\"caption-attachment-928\" style=\"width: 660px\" class=\"wp-caption alignnone\"><img loading=\"lazy\" decoding=\"async\" class=\"wp-image-928 size-large\" src=\"http:\/\/2017.burbankwerner.de\/wp-content\/uploads\/2017\/11\/2017-11-25-kokosnussab-1024x768.jpg\" alt=\"\" width=\"660\" height=\"495\" srcset=\"http:\/\/2017.burbankwerner.de\/wp-content\/uploads\/2017\/11\/2017-11-25-kokosnussab-1024x768.jpg 1024w, http:\/\/2017.burbankwerner.de\/wp-content\/uploads\/2017\/11\/2017-11-25-kokosnussab-300x225.jpg 300w, http:\/\/2017.burbankwerner.de\/wp-content\/uploads\/2017\/11\/2017-11-25-kokosnussab-768x576.jpg 768w, http:\/\/2017.burbankwerner.de\/wp-content\/uploads\/2017\/11\/2017-11-25-kokosnussab.jpg 1200w\" sizes=\"(max-width: 660px) 100vw, 660px\" \/><figcaption id=\"caption-attachment-928\" class=\"wp-caption-text\">Annette hat am Wegesrand eine Kokosnuss gekauft &#8211; neben ihr die begeisterte Verk\u00e4uferin<\/figcaption><\/figure>\n<p>Sp\u00e4ter wird es noch recht abenteuerlich &#8211; und wir treffen eine Frau aus Kirchheim unter Teck (also aus Schwaben&#8230;), die den Weg zu dem organischen Lokal verloren hat&#8230;gemeinsam finden wir ihn, es geht z.T. durch Baustellen, aber immer wieder durch die zerkl\u00fcftete Landschaft, in der bis zu 20 Meter tiefe Bacht\u00e4ler die Reisfelder durchschneiden.<\/p>\n<p>Leider entscheidet sich der Regen, heute deutlich fr\u00fcher einzusetzen und wir m\u00fcssen eine ganze Weile durch den str\u00f6menden Regen laufen, bis wir auch nur in die N\u00e4he unseres Ziels gelangen.<\/p>\n<p>Als wir 2013 da waren, gab es nach dem Sari Organik noch ein oder zwei H\u00fctten &#8211; jetzt haben wir Schwierigkeiten, den Ort wieder zu finden, denn nach Norden hin haben sich zahlreiche weitere Lokale niedergelassen &#8211; alle hei\u00dfen irgendwie &#8222;organik&#8220; &#8211; das Sari Organik muss also ein Erfolg gewesen sein.<\/p>\n<p>Tats\u00e4chlich finden wir das Lokal &#8211; und das kleine Mittagessen, das wir einnehmen, ist wieder vorz\u00fcglich.<\/p>\n<p><img loading=\"lazy\" decoding=\"async\" class=\"alignnone size-large wp-image-927\" src=\"http:\/\/2017.burbankwerner.de\/wp-content\/uploads\/2017\/11\/2017-11-25-sariorganic-1024x768.jpg\" alt=\"\" width=\"660\" height=\"495\" srcset=\"http:\/\/2017.burbankwerner.de\/wp-content\/uploads\/2017\/11\/2017-11-25-sariorganic-1024x768.jpg 1024w, http:\/\/2017.burbankwerner.de\/wp-content\/uploads\/2017\/11\/2017-11-25-sariorganic-300x225.jpg 300w, http:\/\/2017.burbankwerner.de\/wp-content\/uploads\/2017\/11\/2017-11-25-sariorganic-768x576.jpg 768w, http:\/\/2017.burbankwerner.de\/wp-content\/uploads\/2017\/11\/2017-11-25-sariorganic.jpg 1200w\" sizes=\"(max-width: 660px) 100vw, 660px\" \/><\/p>\n<p>Und auch der Blick in die Reisfelder ist immer noch sch\u00f6n, trotz der Geb\u00e4ude. Nur &#8211; wie lange noch?<\/p>\n<p><img loading=\"lazy\" decoding=\"async\" class=\"alignnone size-large wp-image-925\" src=\"http:\/\/2017.burbankwerner.de\/wp-content\/uploads\/2017\/11\/2017-11-25-sariorganic2-1024x768.jpg\" alt=\"\" width=\"660\" height=\"495\" srcset=\"http:\/\/2017.burbankwerner.de\/wp-content\/uploads\/2017\/11\/2017-11-25-sariorganic2-1024x768.jpg 1024w, http:\/\/2017.burbankwerner.de\/wp-content\/uploads\/2017\/11\/2017-11-25-sariorganic2-300x225.jpg 300w, http:\/\/2017.burbankwerner.de\/wp-content\/uploads\/2017\/11\/2017-11-25-sariorganic2-768x576.jpg 768w, http:\/\/2017.burbankwerner.de\/wp-content\/uploads\/2017\/11\/2017-11-25-sariorganic2.jpg 1200w\" sizes=\"(max-width: 660px) 100vw, 660px\" \/><\/p>\n<p>Wir machen uns auf den Weg zur\u00fcck &#8211; und dann schl\u00e4gt er zu:<\/p>\n<p><img loading=\"lazy\" decoding=\"async\" class=\"alignnone size-large wp-image-920\" src=\"http:\/\/2017.burbankwerner.de\/wp-content\/uploads\/2017\/11\/2017-11-24-Kameragott-1024x768.jpg\" alt=\"\" width=\"660\" height=\"495\" srcset=\"http:\/\/2017.burbankwerner.de\/wp-content\/uploads\/2017\/11\/2017-11-24-Kameragott-1024x768.jpg 1024w, http:\/\/2017.burbankwerner.de\/wp-content\/uploads\/2017\/11\/2017-11-24-Kameragott-300x225.jpg 300w, http:\/\/2017.burbankwerner.de\/wp-content\/uploads\/2017\/11\/2017-11-24-Kameragott-768x576.jpg 768w, http:\/\/2017.burbankwerner.de\/wp-content\/uploads\/2017\/11\/2017-11-24-Kameragott.jpg 1200w\" sizes=\"(max-width: 660px) 100vw, 660px\" \/><\/p>\n<p>Das ist der b\u00f6se Kamera-Geist. Und wir haben ihm nicht geopfert.<\/p>\n<p>Und so ist das folgende Bild das allerletzte, das wir mit der in Melbourne gebraucht gekauften Sony machen k\u00f6nnen:<\/p>\n<p><img loading=\"lazy\" decoding=\"async\" class=\"alignnone size-large wp-image-926\" src=\"http:\/\/2017.burbankwerner.de\/wp-content\/uploads\/2017\/11\/2017-11-25-letztes-Bild-1024x768.jpg\" alt=\"\" width=\"660\" height=\"495\" srcset=\"http:\/\/2017.burbankwerner.de\/wp-content\/uploads\/2017\/11\/2017-11-25-letztes-Bild-1024x768.jpg 1024w, http:\/\/2017.burbankwerner.de\/wp-content\/uploads\/2017\/11\/2017-11-25-letztes-Bild-300x225.jpg 300w, http:\/\/2017.burbankwerner.de\/wp-content\/uploads\/2017\/11\/2017-11-25-letztes-Bild-768x576.jpg 768w, http:\/\/2017.burbankwerner.de\/wp-content\/uploads\/2017\/11\/2017-11-25-letztes-Bild.jpg 1200w\" sizes=\"(max-width: 660px) 100vw, 660px\" \/><\/p>\n<p>Beim folgenden Bild gibt es einen vernehmlichen Knall, die Kamera ist pl\u00f6tzlich hei\u00df, erste Diagnose: Kurzschluss wegen Feuchtigkeit. Vorbei. Sie l\u00e4sst sich nicht mehr einschalten.<\/p>\n<p>Gl\u00fccklicherweise sind es nunmehr nur noch 6 Tage, die wir mit den Mobilphonkameras \u00fcberbr\u00fccken m\u00fcssen. Und noch viel gl\u00fccklicherweise ist ja bald Weihnachten&#8230;<\/p>\n<p>Und hier die Karten zu Ubud:<\/p>\n<p><iframe loading=\"lazy\" style=\"border: 0;\" src=\"https:\/\/www.google.com\/maps\/embed?pb=!1m28!1m12!1m3!1d13321946.514377704!2d127.79090034099565!3d-23.792718413442245!2m3!1f0!2f0!3f0!3m2!1i1024!2i768!4f13.1!4m13!3e6!4m5!1s0x6ab0c53c8a1e29cf%3A0xf03365545b8f0f0!2sAdelaide+Airport!3m2!1d-34.9461557!2d138.5332378!4m5!1s0x2dd2441650216933%3A0xdf71da6ddd7bcc1f!2sBandar+Udara+Internasional+Ngurah+Rai!3m2!1d-8.746717199999999!2d115.166787!5e0!3m2!1sde!2sid!4v1511702466299\" width=\"800\" height=\"600\" frameborder=\"0\" allowfullscreen=\"allowfullscreen\"><\/iframe><\/p>\n<p><iframe loading=\"lazy\" style=\"border: 0;\" src=\"https:\/\/www.google.com\/maps\/embed?pb=!1m32!1m12!1m3!1d150103.5753427475!2d115.20182983463904!3d-8.65119083541665!2m3!1f0!2f0!3f0!3m2!1i1024!2i768!4f13.1!4m17!3e0!4m5!1s0x2dd2441650216933%3A0xdf71da6ddd7bcc1f!2sBandar+Udara+Internasional+Ngurah+Rai!3m2!1d-8.746717199999999!2d115.166787!4m3!3m2!1d-8.6378002!2d115.2108765!4m5!1s0x2dd23d14c597c5b9%3A0xbf6799d6d1ecb46d!2sNick's+Pension!3m2!1d-8.508912!2d115.259221!5e0!3m2!1sde!2sid!4v1511702634580\" width=\"800\" height=\"600\" frameborder=\"0\" allowfullscreen=\"allowfullscreen\"><\/iframe><\/p>\n<p><iframe loading=\"lazy\" style=\"border: 0;\" src=\"https:\/\/www.google.com\/maps\/embed?pb=!1m38!1m12!1m3!1d7891.963273429864!2d115.25553537648194!3d-8.501163264575062!2m3!1f0!2f0!3f0!3m2!1i1024!2i768!4f13.1!4m23!3e2!4m5!1s0x2dd23d14c597c5b9%3A0xbf6799d6d1ecb46d!2sNick's+Pension%2C+Jl.+Bisma%2C+Ubud%2C+Gianyar%2C+Bali+80571!3m2!1d-8.508912!2d115.259221!4m5!1s0x2dd23d467fa617d3%3A0xdf55b80383f851ba!2sSari+Organik!3m2!1d-8.4972864!2d115.25848579999999!4m3!3m2!1d-8.493464399999999!2d115.2616681!4m5!1s0x2dd23d14c597c5b9%3A0xbf6799d6d1ecb46d!2sNick's+Pension%2C+Jl.+Bisma%2C+Ubud%2C+Gianyar%2C+Bali+80571!3m2!1d-8.508912!2d115.259221!5e0!3m2!1sde!2sid!4v1511702782077\" width=\"800\" height=\"600\" frameborder=\"0\" allowfullscreen=\"allowfullscreen\"><\/iframe><\/p>\n<p><a href=\"http:\/\/2017.burbankwerner.de\/?page_id=939\"><img loading=\"lazy\" decoding=\"async\" class=\"alignright wp-image-835\" src=\"http:\/\/2017.burbankwerner.de\/wp-content\/uploads\/2017\/11\/weiter-300x122.jpg\" alt=\"\" width=\"170\" height=\"69\" srcset=\"http:\/\/2017.burbankwerner.de\/wp-content\/uploads\/2017\/11\/weiter-300x122.jpg 300w, http:\/\/2017.burbankwerner.de\/wp-content\/uploads\/2017\/11\/weiter.jpg 493w\" sizes=\"(max-width: 170px) 100vw, 170px\" \/><\/a><a href=\"http:\/\/2017.burbankwerner.de\/?page_id=890\"><img loading=\"lazy\" decoding=\"async\" class=\"alignleft wp-image-834\" src=\"http:\/\/2017.burbankwerner.de\/wp-content\/uploads\/2017\/11\/zur\u00fcck-300x121.jpg\" alt=\"\" width=\"170\" height=\"69\" srcset=\"http:\/\/2017.burbankwerner.de\/wp-content\/uploads\/2017\/11\/zur\u00fcck-300x121.jpg 300w, http:\/\/2017.burbankwerner.de\/wp-content\/uploads\/2017\/11\/zur\u00fcck.jpg 494w\" sizes=\"(max-width: 170px) 100vw, 170px\" \/><\/a><\/p>\n","protected":false},"excerpt":{"rendered":"<p>Freitag, 24. November &#8211; &#8222;Willkommen in Bali!&#8220; Karte Die Karte zeigt den f\u00fcnfst\u00fcndigen Flug von Adelaide nach Denpasar. Jetstar, die Billig-Tochter von Quantas flog zuverl\u00e4ssig, aber mit niedrigstem Standard. Durchgesessene Sitze, supereng &#8211; nichts, was man lange haben m\u00f6chte. Leider ging \u00fcber Denpasar gerade ein Gewitter nieder. Erst hat es einen ordentlichen Schlag getan &#8211; &hellip; <a href=\"http:\/\/2017.burbankwerner.de\/?page_id=916\" class=\"more-link\"><span class=\"screen-reader-text\">24.-25. November &#8211; Ubud<\/span> weiterlesen<\/a><\/p>\n","protected":false},"author":1,"featured_media":0,"parent":0,"menu_order":0,"comment_status":"closed","ping_status":"closed","template":"","meta":{"footnotes":""},"_links":{"self":[{"href":"http:\/\/2017.burbankwerner.de\/index.php?rest_route=\/wp\/v2\/pages\/916"}],"collection":[{"href":"http:\/\/2017.burbankwerner.de\/index.php?rest_route=\/wp\/v2\/pages"}],"about":[{"href":"http:\/\/2017.burbankwerner.de\/index.php?rest_route=\/wp\/v2\/types\/page"}],"author":[{"embeddable":true,"href":"http:\/\/2017.burbankwerner.de\/index.php?rest_route=\/wp\/v2\/users\/1"}],"replies":[{"embeddable":true,"href":"http:\/\/2017.burbankwerner.de\/index.php?rest_route=%2Fwp%2Fv2%2Fcomments&post=916"}],"version-history":[{"count":8,"href":"http:\/\/2017.burbankwerner.de\/index.php?rest_route=\/wp\/v2\/pages\/916\/revisions"}],"predecessor-version":[{"id":1118,"href":"http:\/\/2017.burbankwerner.de\/index.php?rest_route=\/wp\/v2\/pages\/916\/revisions\/1118"}],"wp:attachment":[{"href":"http:\/\/2017.burbankwerner.de\/index.php?rest_route=%2Fwp%2Fv2%2Fmedia&parent=916"}],"curies":[{"name":"wp","href":"https:\/\/api.w.org\/{rel}","templated":true}]}}