{"id":824,"date":"2017-11-17T02:57:10","date_gmt":"2017-11-17T02:57:10","guid":{"rendered":"http:\/\/2017.burbankwerner.de\/?page_id=824"},"modified":"2020-12-27T21:33:41","modified_gmt":"2020-12-27T21:33:41","slug":"14-16-november-adelaide-im-regen","status":"publish","type":"page","link":"http:\/\/2017.burbankwerner.de\/?page_id=824","title":{"rendered":"14. &#8211; 16. November &#8211; Adelaide im Regen"},"content":{"rendered":"<h5>Neu! Jetzt mit Vor- und Zur\u00fcckKnopf am Ende, damit man leichter durch die Tage kommt&#8230;<\/h5>\n<h3>Dienstag, 14. November<\/h3>\n<p><img loading=\"lazy\" decoding=\"async\" class=\"alignnone size-large wp-image-829\" src=\"http:\/\/2017.burbankwerner.de\/wp-content\/uploads\/2017\/11\/2017-11-14-Janet-1024x768.jpg\" alt=\"\" width=\"660\" height=\"495\" srcset=\"http:\/\/2017.burbankwerner.de\/wp-content\/uploads\/2017\/11\/2017-11-14-Janet-1024x768.jpg 1024w, http:\/\/2017.burbankwerner.de\/wp-content\/uploads\/2017\/11\/2017-11-14-Janet-300x225.jpg 300w, http:\/\/2017.burbankwerner.de\/wp-content\/uploads\/2017\/11\/2017-11-14-Janet-768x576.jpg 768w, http:\/\/2017.burbankwerner.de\/wp-content\/uploads\/2017\/11\/2017-11-14-Janet.jpg 1200w\" sizes=\"(max-width: 660px) 100vw, 660px\" \/><\/p>\n<p><a href=\"http:\/\/2017.burbankwerner.de\/?page_id=841\"><img loading=\"lazy\" decoding=\"async\" class=\"alignright wp-image-95\" src=\"http:\/\/2017.burbankwerner.de\/wp-content\/uploads\/2017\/09\/Union-Jack-300x150.png\" alt=\"\" width=\"164\" height=\"82\" srcset=\"http:\/\/2017.burbankwerner.de\/wp-content\/uploads\/2017\/09\/Union-Jack-300x150.png 300w, http:\/\/2017.burbankwerner.de\/wp-content\/uploads\/2017\/09\/Union-Jack-768x384.png 768w, http:\/\/2017.burbankwerner.de\/wp-content\/uploads\/2017\/09\/Union-Jack-1024x512.png 1024w, http:\/\/2017.burbankwerner.de\/wp-content\/uploads\/2017\/09\/Union-Jack.png 1280w\" sizes=\"(max-width: 164px) 100vw, 164px\" \/><\/a>Heute haben wir uns bei Janet und Leigh f\u00fcr ihre Gastfreundschaft bedankt und morgens unsere Sachen gepackt, um zur\u00fcck zu unseren Freunden in North Adelaide zu \u00fcbersiedeln.<\/p>\n<p>Vorher treffen wir Janet, die heute Vormittag arbeiten musste, auf einen Kaffee in dem umgebauten Bahnhof von North Adelaide. Ein netter Ort, das Caf\u00e9 wird von Gro\u00dfmutter, Mutter und Tochter gef\u00fchrt.<\/p>\n<p>Anschlie\u00dfend gehen wir einkaufen &#8211; denn heute wollen wir f\u00fcr Kerryn und John kochen. Es gibt Salbei-Nudeln &#8211; und die Zutaten zu besorgen ist schon eine Herausforderung.<\/p>\n<h3>Mittwoch, 15. November &#8212; Brighton und ein weiterer Besuch bei Jane<\/h3>\n<p><a href=\"https:\/\/goo.gl\/maps\/6sCNw8sX4EJ2\"><strong>Karte<\/strong><\/a><\/p>\n<p><img loading=\"lazy\" decoding=\"async\" class=\"alignnone size-large wp-image-828\" src=\"http:\/\/2017.burbankwerner.de\/wp-content\/uploads\/2017\/11\/2017-11-15-Brighton-1024x580.jpg\" alt=\"\" width=\"660\" height=\"374\" srcset=\"http:\/\/2017.burbankwerner.de\/wp-content\/uploads\/2017\/11\/2017-11-15-Brighton-1024x580.jpg 1024w, http:\/\/2017.burbankwerner.de\/wp-content\/uploads\/2017\/11\/2017-11-15-Brighton-300x170.jpg 300w, http:\/\/2017.burbankwerner.de\/wp-content\/uploads\/2017\/11\/2017-11-15-Brighton-768x435.jpg 768w, http:\/\/2017.burbankwerner.de\/wp-content\/uploads\/2017\/11\/2017-11-15-Brighton.jpg 1200w\" sizes=\"(max-width: 660px) 100vw, 660px\" \/><\/p>\n<p>Leider hat sich das Wetter \u00fcber Nacht deutlich abgek\u00fchlt &#8211; es geht ein kalter Wind und es regnet immer wieder. Trotzdem wollen wir nach Brighton, einem s\u00fcdlichen Vorort von Adelaide an die Strandpromenade. Es wird ein zweifelhaftes Vergn\u00fcgen, der anschlie\u00dfende Kaffee w\u00e4rmt ein bisschen auf&#8230;<\/p>\n<p>Danach besuchen wir ein weiteres Mal Jane, die ans Bett gefesselt ist. Sie freut sich \u00fcber den Besuch und die Bilder im Blog &#8211; wir haben den PC mitgenommen.<\/p>\n<p>Abends kocht John leckeren Tofu und H\u00fchnchen.<\/p>\n<h3>Donnerstag, 16. November &#8211; Mit der Bahn nach Glenelg und abends bei Anne &amp; Tony in Belair<\/h3>\n<p><a href=\"https:\/\/goo.gl\/maps\/MaPkMKqn4TP2\"><strong>Karte<\/strong><\/a><\/p>\n<p><img loading=\"lazy\" decoding=\"async\" class=\"alignnone size-large wp-image-826\" src=\"http:\/\/2017.burbankwerner.de\/wp-content\/uploads\/2017\/11\/2017-11-16-Glenelg-1024x630.jpg\" alt=\"\" width=\"660\" height=\"406\" srcset=\"http:\/\/2017.burbankwerner.de\/wp-content\/uploads\/2017\/11\/2017-11-16-Glenelg-1024x630.jpg 1024w, http:\/\/2017.burbankwerner.de\/wp-content\/uploads\/2017\/11\/2017-11-16-Glenelg-300x185.jpg 300w, http:\/\/2017.burbankwerner.de\/wp-content\/uploads\/2017\/11\/2017-11-16-Glenelg-768x472.jpg 768w, http:\/\/2017.burbankwerner.de\/wp-content\/uploads\/2017\/11\/2017-11-16-Glenelg.jpg 1200w\" sizes=\"(max-width: 660px) 100vw, 660px\" \/><\/p>\n<p>Hier gleich noch ein Bild vom Frieren in Australien: Die Landungsbr\u00fccke in Glenelg, dem &#8222;Hauststrand&#8220; der Bewohner von Adelaide. Hierhin f\u00fchrt die einzige Trambahn-Linie der Stadt. Die Benutzung des \u00f6ffentlichen Nahverkehrs ist allerdings eine Herausforderung: Die Verkehrsgesellschaft hat keinen Liniennetzplan auf Papier, der im Internet ist so winzig (und l\u00e4sst sich nicht wirklich vergr\u00f6\u00dfern), dass wir den Verlauf der Linie nicht nachvollziehen k\u00f6nnen. Und dann gibt&#8217;s noch so Dinge wie einen F-Bus, der Passagiere an bestimmten Haltestellen nur aufnimmt, aber nicht aussteigen l\u00e4sst&#8230;<\/p>\n<p>Letztlich klappt alles, unser Mittagessen in Glenelg ist lecker und wir schaffen es auch, p\u00fcnktlich zur\u00fcck zu kehren.<\/p>\n<p><a href=\"https:\/\/goo.gl\/maps\/QQ8UM65KDfx\"><strong>Karte<\/strong><\/a><\/p>\n<p>Wir wollen Kerryn nach der Arbeit abholen, um nach Belair zu fahren. Der Vorort liegt bereits in den Adelaide Hills, die sich \u00f6stlich der Stadt hinziehen. Dort leben Anne und ihr Partner Tony. Tony war fr\u00fcher Rundfunkmoderator und ist pensioniert, Anne hingegen arbeitet noch. Beide wohnen sehr sch\u00f6n im Gr\u00fcnen. Hier kann Annette endlich wieder die geliebten Papagaien fotografieren, die sich an der Futterstelle in Anne&#8217;s Garten einfinden:<\/p>\n<p><img loading=\"lazy\" decoding=\"async\" class=\"alignnone size-large wp-image-825\" src=\"http:\/\/2017.burbankwerner.de\/wp-content\/uploads\/2017\/11\/2017-11-16-Papageien-1024x674.jpg\" alt=\"\" width=\"660\" height=\"434\" srcset=\"http:\/\/2017.burbankwerner.de\/wp-content\/uploads\/2017\/11\/2017-11-16-Papageien-1024x674.jpg 1024w, http:\/\/2017.burbankwerner.de\/wp-content\/uploads\/2017\/11\/2017-11-16-Papageien-300x198.jpg 300w, http:\/\/2017.burbankwerner.de\/wp-content\/uploads\/2017\/11\/2017-11-16-Papageien-768x506.jpg 768w, http:\/\/2017.burbankwerner.de\/wp-content\/uploads\/2017\/11\/2017-11-16-Papageien.jpg 1200w\" sizes=\"(max-width: 660px) 100vw, 660px\" \/><\/p>\n<p>Bei Anne und Tony gibt es leckeres mexikanisches Essen, Weizentortillas, die man selbst mit den bereitgestellten Zutaten bef\u00fcllen kann. Tony untermalt mit mexikanischer Musik.<\/p>\n<p><img loading=\"lazy\" decoding=\"async\" class=\"alignnone size-large wp-image-827\" src=\"http:\/\/2017.burbankwerner.de\/wp-content\/uploads\/2017\/11\/2017-11-16-Anne-Tony-1024x596.jpg\" alt=\"\" width=\"660\" height=\"384\" srcset=\"http:\/\/2017.burbankwerner.de\/wp-content\/uploads\/2017\/11\/2017-11-16-Anne-Tony-1024x596.jpg 1024w, http:\/\/2017.burbankwerner.de\/wp-content\/uploads\/2017\/11\/2017-11-16-Anne-Tony-300x175.jpg 300w, http:\/\/2017.burbankwerner.de\/wp-content\/uploads\/2017\/11\/2017-11-16-Anne-Tony-768x447.jpg 768w, http:\/\/2017.burbankwerner.de\/wp-content\/uploads\/2017\/11\/2017-11-16-Anne-Tony.jpg 1200w\" sizes=\"(max-width: 660px) 100vw, 660px\" \/><\/p>\n<p>Im dritten Anlauf gelingt es, die ganze Gesellschaft mit Selbstausl\u00f6ser abzulichten&#8230;<\/p>\n<p>Morgen wollen wir mit Kerryn und John ins Clare Vale, zum Fahrradfahren. Wir hoffen auf besseres Wetter!!!!<\/p>\n<p>Und hier die Karten f\u00fcr die drei Tage:<\/p>\n<p><iframe loading=\"lazy\" style=\"border: 0;\" src=\"https:\/\/www.google.com\/maps\/embed?pb=!1m40!1m12!1m3!1d147812.63534421442!2d138.57310660505055!3d-35.051022121493425!2m3!1f0!2f0!3f0!3m2!1i1024!2i768!4f13.1!4m25!3e0!4m5!1s0x6ab0c8d60ead9411%3A0xc9f08048eda13e38!2sKermode+St%2C+North+Adelaide+SA+5006!3m2!1d-34.911730299999995!2d138.5976691!4m5!1s0x6ab0da6f22696157%3A0xf03365545bac2f0!2sWestfield+Marion!3m2!1d-35.0158436!2d138.54369359999998!4m5!1s0x6ab0da5039702eef%3A0x5033654628eaa70!2sBrighton%2C+South+Australia+5048!3m2!1d-35.019!2d138.51999999999998!4m5!1s0x6ab126584da3972d%3A0xd09becf3063304d!2sOnkaparinga+Lodge+Residential+Care!3m2!1d-35.152279!2d138.52084299999999!5e0!3m2!1sde!2sau!4v1510877893170\" width=\"800\" height=\"600\" frameborder=\"0\" allowfullscreen=\"allowfullscreen\"><\/iframe><\/p>\n<p><iframe loading=\"lazy\" style=\"border: 0;\" src=\"https:\/\/www.google.com\/maps\/embed?pb=!1m24!1m12!1m3!1d43993.49722877395!2d138.5590640624161!3d-34.960712812033215!2m3!1f0!2f0!3f0!3m2!1i1024!2i768!4f13.1!4m9!3e6!4m3!3m2!1d-34.9077379!2d138.60592019999999!4m3!3m2!1d-34.980593299999995!2d138.5114357!5e0!3m2!1sde!2sau!4v1510878006956\" width=\"800\" height=\"600\" frameborder=\"0\" allowfullscreen=\"allowfullscreen\"><\/iframe><\/p>\n<p>&nbsp;<\/p>\n<p><iframe loading=\"lazy\" style=\"border: 0;\" src=\"https:\/\/www.google.com\/maps\/embed?pb=!1m32!1m12!1m3!1d52320.0456152287!2d138.5770734070891!3d-34.956537227944516!2m3!1f0!2f0!3f0!3m2!1i1024!2i768!4f13.1!4m17!3e0!4m5!1s0x6ab0c8d60ead9411%3A0xc9f08048eda13e38!2sKermode+Street%2C+North+Adelaide+South+Australia!3m2!1d-34.911730299999995!2d138.5976691!4m3!3m2!1d-34.9249309!2d138.5942722!4m5!1s0x6ab0ce1d5b852717%3A0x5be9e33aa6b53aa9!2sMonalta+Dr%2C+Belair+SA+5052!3m2!1d-35.0020452!2d138.62782959999998!5e0!3m2!1sde!2sau!4v1510878301334\" width=\"800\" height=\"600\" frameborder=\"0\" allowfullscreen=\"allowfullscreen\"><\/iframe><\/p>\n<p><a href=\"http:\/\/2017.burbankwerner.de\/?page_id=852\"><img loading=\"lazy\" decoding=\"async\" class=\"alignright wp-image-835\" src=\"http:\/\/2017.burbankwerner.de\/wp-content\/uploads\/2017\/11\/weiter-300x122.jpg\" alt=\"\" width=\"170\" height=\"69\" srcset=\"http:\/\/2017.burbankwerner.de\/wp-content\/uploads\/2017\/11\/weiter-300x122.jpg 300w, http:\/\/2017.burbankwerner.de\/wp-content\/uploads\/2017\/11\/weiter.jpg 493w\" sizes=\"(max-width: 170px) 100vw, 170px\" \/><\/a><a href=\"http:\/\/2017.burbankwerner.de\/?page_id=812\"><img loading=\"lazy\" decoding=\"async\" class=\"alignleft wp-image-834\" src=\"http:\/\/2017.burbankwerner.de\/wp-content\/uploads\/2017\/11\/zur\u00fcck-300x121.jpg\" alt=\"\" width=\"170\" height=\"69\" srcset=\"http:\/\/2017.burbankwerner.de\/wp-content\/uploads\/2017\/11\/zur\u00fcck-300x121.jpg 300w, http:\/\/2017.burbankwerner.de\/wp-content\/uploads\/2017\/11\/zur\u00fcck.jpg 494w\" sizes=\"(max-width: 170px) 100vw, 170px\" \/><\/a><\/p>\n","protected":false},"excerpt":{"rendered":"<p>Neu! Jetzt mit Vor- und Zur\u00fcckKnopf am Ende, damit man leichter durch die Tage kommt&#8230; Dienstag, 14. November Heute haben wir uns bei Janet und Leigh f\u00fcr ihre Gastfreundschaft bedankt und morgens unsere Sachen gepackt, um zur\u00fcck zu unseren Freunden in North Adelaide zu \u00fcbersiedeln. Vorher treffen wir Janet, die heute Vormittag arbeiten musste, auf &hellip; <a href=\"http:\/\/2017.burbankwerner.de\/?page_id=824\" class=\"more-link\"><span class=\"screen-reader-text\">14. &#8211; 16. November &#8211; Adelaide im Regen<\/span> weiterlesen<\/a><\/p>\n","protected":false},"author":1,"featured_media":0,"parent":0,"menu_order":0,"comment_status":"closed","ping_status":"closed","template":"","meta":{"footnotes":""},"_links":{"self":[{"href":"http:\/\/2017.burbankwerner.de\/index.php?rest_route=\/wp\/v2\/pages\/824"}],"collection":[{"href":"http:\/\/2017.burbankwerner.de\/index.php?rest_route=\/wp\/v2\/pages"}],"about":[{"href":"http:\/\/2017.burbankwerner.de\/index.php?rest_route=\/wp\/v2\/types\/page"}],"author":[{"embeddable":true,"href":"http:\/\/2017.burbankwerner.de\/index.php?rest_route=\/wp\/v2\/users\/1"}],"replies":[{"embeddable":true,"href":"http:\/\/2017.burbankwerner.de\/index.php?rest_route=%2Fwp%2Fv2%2Fcomments&post=824"}],"version-history":[{"count":13,"href":"http:\/\/2017.burbankwerner.de\/index.php?rest_route=\/wp\/v2\/pages\/824\/revisions"}],"predecessor-version":[{"id":1114,"href":"http:\/\/2017.burbankwerner.de\/index.php?rest_route=\/wp\/v2\/pages\/824\/revisions\/1114"}],"wp:attachment":[{"href":"http:\/\/2017.burbankwerner.de\/index.php?rest_route=%2Fwp%2Fv2%2Fmedia&parent=824"}],"curies":[{"name":"wp","href":"https:\/\/api.w.org\/{rel}","templated":true}]}}