{"id":488,"date":"2017-10-26T07:24:34","date_gmt":"2017-10-26T07:24:34","guid":{"rendered":"http:\/\/2017.burbankwerner.de\/?page_id=488"},"modified":"2020-12-27T21:35:09","modified_gmt":"2020-12-27T21:35:09","slug":"26-oktober-zum-lamngton-park-und-ein-gewitter-2","status":"publish","type":"page","link":"http:\/\/2017.burbankwerner.de\/?page_id=488","title":{"rendered":"26. Oktober &#8211; Zum Lamington Park &#8211; und ein Gewitter"},"content":{"rendered":"<p><img loading=\"lazy\" decoding=\"async\" class=\"alignnone wp-image-489 size-large\" src=\"http:\/\/2017.burbankwerner.de\/wp-content\/uploads\/2017\/10\/2017-10-26-LamingtonNP-1024x596.jpg\" alt=\"\" width=\"660\" height=\"384\" srcset=\"http:\/\/2017.burbankwerner.de\/wp-content\/uploads\/2017\/10\/2017-10-26-LamingtonNP-1024x596.jpg 1024w, http:\/\/2017.burbankwerner.de\/wp-content\/uploads\/2017\/10\/2017-10-26-LamingtonNP-300x175.jpg 300w, http:\/\/2017.burbankwerner.de\/wp-content\/uploads\/2017\/10\/2017-10-26-LamingtonNP-768x447.jpg 768w, http:\/\/2017.burbankwerner.de\/wp-content\/uploads\/2017\/10\/2017-10-26-LamingtonNP.jpg 1200w\" sizes=\"(max-width: 660px) 100vw, 660px\" \/><\/p>\n<p><a href=\"http:\/\/2017.burbankwerner.de\/?page_id=495\"><img loading=\"lazy\" decoding=\"async\" class=\"alignright wp-image-95\" src=\"http:\/\/2017.burbankwerner.de\/wp-content\/uploads\/2017\/09\/Union-Jack-300x150.png\" alt=\"\" width=\"167\" height=\"84\" srcset=\"http:\/\/2017.burbankwerner.de\/wp-content\/uploads\/2017\/09\/Union-Jack-300x150.png 300w, http:\/\/2017.burbankwerner.de\/wp-content\/uploads\/2017\/09\/Union-Jack-768x384.png 768w, http:\/\/2017.burbankwerner.de\/wp-content\/uploads\/2017\/09\/Union-Jack-1024x512.png 1024w, http:\/\/2017.burbankwerner.de\/wp-content\/uploads\/2017\/09\/Union-Jack.png 1280w\" sizes=\"(max-width: 167px) 100vw, 167px\" \/><\/a>Heute haben wir unsere Sachen gepackt und sind von Brisbane aus Richtung S\u00fcden gefahren. Vorher haben wir nochmal zwei Stunden in einer der unglaublichen australischen Shopping Malls verbracht &#8211; verschiedene Camping Sachen erg\u00e4nzt und Essen eingekauft.<\/p>\n<p>Wir wollen im Lamington Nationalpark zelten.<\/p>\n<p>Doch als wir eintreffen macht uns die Dame am Empfang der Lodge gleich darauf aufmerksam, dass man ein heftiges Gewitter f\u00fcr den Abend erwartet. Wir buchen trotzdem &#8211; doch als wir uns den Campingplatz ansehen, der dicht mit hohen B\u00e4umen bestanden ist, kommen uns Bedenken. Was, wenn ein Ast runterf\u00e4llt?<\/p>\n<p>Also umdisponieren &#8211; wir nehmen uns ein Cabin-Zimmer in der Lodge, sicher ist sicher. Freilich -kochen wollen wir drau\u00dfen.<\/p>\n<p>Erstmal warten wir das Gewitter in der Lodge ab:<\/p>\n<p><img loading=\"lazy\" decoding=\"async\" class=\"alignnone size-large wp-image-491\" src=\"http:\/\/2017.burbankwerner.de\/wp-content\/uploads\/2017\/10\/2017-10-26-ABTerrasse-1024x768.jpg\" alt=\"\" width=\"660\" height=\"495\" srcset=\"http:\/\/2017.burbankwerner.de\/wp-content\/uploads\/2017\/10\/2017-10-26-ABTerrasse-1024x768.jpg 1024w, http:\/\/2017.burbankwerner.de\/wp-content\/uploads\/2017\/10\/2017-10-26-ABTerrasse-300x225.jpg 300w, http:\/\/2017.burbankwerner.de\/wp-content\/uploads\/2017\/10\/2017-10-26-ABTerrasse-768x576.jpg 768w, http:\/\/2017.burbankwerner.de\/wp-content\/uploads\/2017\/10\/2017-10-26-ABTerrasse.jpg 1200w\" sizes=\"(max-width: 660px) 100vw, 660px\" \/><\/p>\n<p>Hier ist es noch weit entfernt&#8230;<\/p>\n<p><img loading=\"lazy\" decoding=\"async\" class=\"alignnone size-large wp-image-492\" src=\"http:\/\/2017.burbankwerner.de\/wp-content\/uploads\/2017\/10\/2017-10-26-Lodge-1024x768.jpg\" alt=\"\" width=\"660\" height=\"495\" srcset=\"http:\/\/2017.burbankwerner.de\/wp-content\/uploads\/2017\/10\/2017-10-26-Lodge-1024x768.jpg 1024w, http:\/\/2017.burbankwerner.de\/wp-content\/uploads\/2017\/10\/2017-10-26-Lodge-300x225.jpg 300w, http:\/\/2017.burbankwerner.de\/wp-content\/uploads\/2017\/10\/2017-10-26-Lodge-768x576.jpg 768w, http:\/\/2017.burbankwerner.de\/wp-content\/uploads\/2017\/10\/2017-10-26-Lodge.jpg 1200w\" sizes=\"(max-width: 660px) 100vw, 660px\" \/><\/p>\n<p>&#8230;und wir holen uns einen Kaffee an der Bar&#8230;<\/p>\n<p><img loading=\"lazy\" decoding=\"async\" class=\"alignnone size-large wp-image-493\" src=\"http:\/\/2017.burbankwerner.de\/wp-content\/uploads\/2017\/10\/2017-10-26-Gewitter_o-1024x591.jpg\" alt=\"\" width=\"660\" height=\"381\" srcset=\"http:\/\/2017.burbankwerner.de\/wp-content\/uploads\/2017\/10\/2017-10-26-Gewitter_o-1024x591.jpg 1024w, http:\/\/2017.burbankwerner.de\/wp-content\/uploads\/2017\/10\/2017-10-26-Gewitter_o-300x173.jpg 300w, http:\/\/2017.burbankwerner.de\/wp-content\/uploads\/2017\/10\/2017-10-26-Gewitter_o-768x443.jpg 768w, http:\/\/2017.burbankwerner.de\/wp-content\/uploads\/2017\/10\/2017-10-26-Gewitter_o.jpg 1200w\" sizes=\"(max-width: 660px) 100vw, 660px\" \/><\/p>\n<p>&#8230;doch von Minute zu Minute wird es heftiger.<\/p>\n<p>Jetzt, w\u00e4hrend wir schreiben, donnert es fortdauernd, doch so richtig schlimm ist es noch nicht geworden. Abwarten.<\/p>\n<p>Jetzt, zwanzig Minuten sp\u00e4ter, \u00f6ffnet der Himmel alle Schleusen:<\/p>\n<p><img loading=\"lazy\" decoding=\"async\" class=\"alignnone size-large wp-image-499\" src=\"http:\/\/2017.burbankwerner.de\/wp-content\/uploads\/2017\/10\/2017-10-26-Gewitter_stark-1024x768.jpg\" alt=\"\" width=\"660\" height=\"495\" srcset=\"http:\/\/2017.burbankwerner.de\/wp-content\/uploads\/2017\/10\/2017-10-26-Gewitter_stark-1024x768.jpg 1024w, http:\/\/2017.burbankwerner.de\/wp-content\/uploads\/2017\/10\/2017-10-26-Gewitter_stark-300x225.jpg 300w, http:\/\/2017.burbankwerner.de\/wp-content\/uploads\/2017\/10\/2017-10-26-Gewitter_stark-768x576.jpg 768w, http:\/\/2017.burbankwerner.de\/wp-content\/uploads\/2017\/10\/2017-10-26-Gewitter_stark.jpg 1200w\" sizes=\"(max-width: 660px) 100vw, 660px\" \/><\/p>\n<p>Es regnet und in den Regen mischen sich Hagelk\u00f6rner&#8230;also, wir sind wirklich froh, dass wir heute auf&#8217;s campen verzichtet haben&#8230;<\/p>\n<p>Nachtrag: Der Regensturm ist Aufmacher in den Fernsehnachrichten. Der ganze S\u00fcden von Queensland ist betroffen. Und auch hier soll es noch\u00a0 nicht vorbei sein&#8230;<br \/>\n<a href=\"http:\/\/2017.burbankwerner.de\/?page_id=506\"><img loading=\"lazy\" decoding=\"async\" class=\"alignright wp-image-835\" src=\"http:\/\/2017.burbankwerner.de\/wp-content\/uploads\/2017\/11\/weiter-300x122.jpg\" alt=\"\" width=\"170\" height=\"69\" srcset=\"http:\/\/2017.burbankwerner.de\/wp-content\/uploads\/2017\/11\/weiter-300x122.jpg 300w, http:\/\/2017.burbankwerner.de\/wp-content\/uploads\/2017\/11\/weiter.jpg 493w\" sizes=\"(max-width: 170px) 100vw, 170px\" \/><\/a><a href=\"http:\/\/2017.burbankwerner.de\/?page_id=470\"><img loading=\"lazy\" decoding=\"async\" class=\"alignleft wp-image-834\" src=\"http:\/\/2017.burbankwerner.de\/wp-content\/uploads\/2017\/11\/zur\u00fcck-300x121.jpg\" alt=\"\" width=\"170\" height=\"69\" srcset=\"http:\/\/2017.burbankwerner.de\/wp-content\/uploads\/2017\/11\/zur\u00fcck-300x121.jpg 300w, http:\/\/2017.burbankwerner.de\/wp-content\/uploads\/2017\/11\/zur\u00fcck.jpg 494w\" sizes=\"(max-width: 170px) 100vw, 170px\" \/><\/a><\/p>\n","protected":false},"excerpt":{"rendered":"<p>Heute haben wir unsere Sachen gepackt und sind von Brisbane aus Richtung S\u00fcden gefahren. Vorher haben wir nochmal zwei Stunden in einer der unglaublichen australischen Shopping Malls verbracht &#8211; verschiedene Camping Sachen erg\u00e4nzt und Essen eingekauft. Wir wollen im Lamington Nationalpark zelten. Doch als wir eintreffen macht uns die Dame am Empfang der Lodge gleich &hellip; <a href=\"http:\/\/2017.burbankwerner.de\/?page_id=488\" class=\"more-link\"><span class=\"screen-reader-text\">26. Oktober &#8211; Zum Lamington Park &#8211; und ein Gewitter<\/span> weiterlesen<\/a><\/p>\n","protected":false},"author":1,"featured_media":0,"parent":0,"menu_order":0,"comment_status":"closed","ping_status":"closed","template":"","meta":{"footnotes":""},"_links":{"self":[{"href":"http:\/\/2017.burbankwerner.de\/index.php?rest_route=\/wp\/v2\/pages\/488"}],"collection":[{"href":"http:\/\/2017.burbankwerner.de\/index.php?rest_route=\/wp\/v2\/pages"}],"about":[{"href":"http:\/\/2017.burbankwerner.de\/index.php?rest_route=\/wp\/v2\/types\/page"}],"author":[{"embeddable":true,"href":"http:\/\/2017.burbankwerner.de\/index.php?rest_route=\/wp\/v2\/users\/1"}],"replies":[{"embeddable":true,"href":"http:\/\/2017.burbankwerner.de\/index.php?rest_route=%2Fwp%2Fv2%2Fcomments&post=488"}],"version-history":[{"count":7,"href":"http:\/\/2017.burbankwerner.de\/index.php?rest_route=\/wp\/v2\/pages\/488\/revisions"}],"predecessor-version":[{"id":1093,"href":"http:\/\/2017.burbankwerner.de\/index.php?rest_route=\/wp\/v2\/pages\/488\/revisions\/1093"}],"wp:attachment":[{"href":"http:\/\/2017.burbankwerner.de\/index.php?rest_route=%2Fwp%2Fv2%2Fmedia&parent=488"}],"curies":[{"name":"wp","href":"https:\/\/api.w.org\/{rel}","templated":true}]}}