{"id":384,"date":"2017-10-20T13:00:56","date_gmt":"2017-10-20T13:00:56","guid":{"rendered":"http:\/\/2017.burbankwerner.de\/?page_id=384"},"modified":"2020-12-27T21:34:52","modified_gmt":"2020-12-27T21:34:52","slug":"20-oktober-im-blackdown-tablelands-np","status":"publish","type":"page","link":"http:\/\/2017.burbankwerner.de\/?page_id=384","title":{"rendered":"20. Oktober &#8211; Im Blackdown Tablelands NP"},"content":{"rendered":"<p><img loading=\"lazy\" decoding=\"async\" class=\"alignnone size-large wp-image-386\" src=\"http:\/\/2017.burbankwerner.de\/wp-content\/uploads\/2017\/10\/2017-10-20-Pano-1024x225.jpg\" alt=\"\" width=\"660\" height=\"145\" srcset=\"http:\/\/2017.burbankwerner.de\/wp-content\/uploads\/2017\/10\/2017-10-20-Pano-1024x225.jpg 1024w, http:\/\/2017.burbankwerner.de\/wp-content\/uploads\/2017\/10\/2017-10-20-Pano-300x66.jpg 300w, http:\/\/2017.burbankwerner.de\/wp-content\/uploads\/2017\/10\/2017-10-20-Pano-768x169.jpg 768w, http:\/\/2017.burbankwerner.de\/wp-content\/uploads\/2017\/10\/2017-10-20-Pano.jpg 1200w\" sizes=\"(max-width: 660px) 100vw, 660px\" \/><\/p>\n<p><a href=\"http:\/\/2017.burbankwerner.de\/?page_id=410\"><img loading=\"lazy\" decoding=\"async\" class=\"alignright wp-image-95\" src=\"http:\/\/2017.burbankwerner.de\/wp-content\/uploads\/2017\/09\/Union-Jack-300x150.png\" alt=\"\" width=\"161\" height=\"81\" srcset=\"http:\/\/2017.burbankwerner.de\/wp-content\/uploads\/2017\/09\/Union-Jack-300x150.png 300w, http:\/\/2017.burbankwerner.de\/wp-content\/uploads\/2017\/09\/Union-Jack-768x384.png 768w, http:\/\/2017.burbankwerner.de\/wp-content\/uploads\/2017\/09\/Union-Jack-1024x512.png 1024w, http:\/\/2017.burbankwerner.de\/wp-content\/uploads\/2017\/09\/Union-Jack.png 1280w\" sizes=\"(max-width: 161px) 100vw, 161px\" \/><\/a>Das Blackdown Tableland ist ein Teil der Queensland Central Highlands, die sich von der K\u00fcste aus ins Inland ziehen.<\/p>\n<p>Zum Gl\u00fcck hat sich das Wetter beruhigt, es war zwar die meiste Zeit bedeckt, aber der Morgen war sch\u00f6n und gegen Abend kam wieder die Sonne heraus.<\/p>\n<p>Wir sind heute fast alle der kurzen Wanderwege gegangen, die im Tableland ausgeschildert sind. Zusammen aber doch 14 km, wir sp\u00fcren es in den Beinen. Eine etwa 20 km lange Gravel Road (also nicht asphaltiert) f\u00fchrt l\u00e4ngs \u00fcber das Hochplateau.<\/p>\n<p>Schon bei der zweiten Wanderung eine echte Entdeckung: Annette sieht einen Waran, der am Baum nach Ameisen und K\u00e4fern sucht:<\/p>\n<p><img loading=\"lazy\" decoding=\"async\" class=\"alignnone size-large wp-image-388\" src=\"http:\/\/2017.burbankwerner.de\/wp-content\/uploads\/2017\/10\/2017-10-20-waran-1024x768.jpg\" alt=\"\" width=\"660\" height=\"495\" srcset=\"http:\/\/2017.burbankwerner.de\/wp-content\/uploads\/2017\/10\/2017-10-20-waran-1024x768.jpg 1024w, http:\/\/2017.burbankwerner.de\/wp-content\/uploads\/2017\/10\/2017-10-20-waran-300x225.jpg 300w, http:\/\/2017.burbankwerner.de\/wp-content\/uploads\/2017\/10\/2017-10-20-waran-768x576.jpg 768w, http:\/\/2017.burbankwerner.de\/wp-content\/uploads\/2017\/10\/2017-10-20-waran.jpg 1200w\" sizes=\"(max-width: 660px) 100vw, 660px\" \/><\/p>\n<p>Die Landschaft im Park ist nicht unbedingt spektakul\u00e4r, aber immer wieder sch\u00f6n anzusehen.<\/p>\n<p><img loading=\"lazy\" decoding=\"async\" class=\"alignnone size-large wp-image-387\" src=\"http:\/\/2017.burbankwerner.de\/wp-content\/uploads\/2017\/10\/2017-10-20-Park-1024x768.jpg\" alt=\"\" width=\"660\" height=\"495\" srcset=\"http:\/\/2017.burbankwerner.de\/wp-content\/uploads\/2017\/10\/2017-10-20-Park-1024x768.jpg 1024w, http:\/\/2017.burbankwerner.de\/wp-content\/uploads\/2017\/10\/2017-10-20-Park-300x225.jpg 300w, http:\/\/2017.burbankwerner.de\/wp-content\/uploads\/2017\/10\/2017-10-20-Park-768x576.jpg 768w, http:\/\/2017.burbankwerner.de\/wp-content\/uploads\/2017\/10\/2017-10-20-Park.jpg 1200w\" sizes=\"(max-width: 660px) 100vw, 660px\" \/><\/p>\n<p>Bemerkenswert aber sind die Tiere im Park. Wir h\u00f6ren st\u00e4ndig Fr\u00f6sche, die immer abwechseln einen Ton von sich geben, der an eine gro\u00dfe Trommel erinnert. Aber wir k\u00f6nnen keinen entdecken. Daf\u00fcr sehr sch\u00f6ne V\u00f6gel. Und als wir bei der zweiten Wanderung zum Parkplatz zur\u00fcckkehren, wartet <strong>er<\/strong> auf uns und will ein bisschen posen:<\/p>\n<p><img loading=\"lazy\" decoding=\"async\" class=\"alignnone size-large wp-image-385\" src=\"http:\/\/2017.burbankwerner.de\/wp-content\/uploads\/2017\/10\/2017-10-20-Kookaburra-1024x768.jpg\" alt=\"\" width=\"660\" height=\"495\" srcset=\"http:\/\/2017.burbankwerner.de\/wp-content\/uploads\/2017\/10\/2017-10-20-Kookaburra-1024x768.jpg 1024w, http:\/\/2017.burbankwerner.de\/wp-content\/uploads\/2017\/10\/2017-10-20-Kookaburra-300x225.jpg 300w, http:\/\/2017.burbankwerner.de\/wp-content\/uploads\/2017\/10\/2017-10-20-Kookaburra-768x576.jpg 768w, http:\/\/2017.burbankwerner.de\/wp-content\/uploads\/2017\/10\/2017-10-20-Kookaburra.jpg 1200w\" sizes=\"(max-width: 660px) 100vw, 660px\" \/><\/p>\n<p>Ein wirklich sch\u00f6ner &#8222;Lachender Hans&#8220;!<\/p>\n<p>High-Light des Tages ist der Wasserfall in der Gudda Goomo Gorge.<\/p>\n<p><img loading=\"lazy\" decoding=\"async\" class=\"alignnone size-large wp-image-389\" src=\"http:\/\/2017.burbankwerner.de\/wp-content\/uploads\/2017\/10\/2017-10-20-wasserfall-1024x768.jpg\" alt=\"\" width=\"660\" height=\"495\" srcset=\"http:\/\/2017.burbankwerner.de\/wp-content\/uploads\/2017\/10\/2017-10-20-wasserfall-1024x768.jpg 1024w, http:\/\/2017.burbankwerner.de\/wp-content\/uploads\/2017\/10\/2017-10-20-wasserfall-300x225.jpg 300w, http:\/\/2017.burbankwerner.de\/wp-content\/uploads\/2017\/10\/2017-10-20-wasserfall-768x576.jpg 768w, http:\/\/2017.burbankwerner.de\/wp-content\/uploads\/2017\/10\/2017-10-20-wasserfall.jpg 1200w\" sizes=\"(max-width: 660px) 100vw, 660px\" \/><\/p>\n<p>Dort treffen wir auch eine Familie aus Lille in Frankreich, die mit ihren zwei Kindern ein ganzes Jahr unterwegs sind &#8211; nicht nur in Australien.<\/p>\n<p>Am Abend gestaltet sich die Suche nach einem Lokal etwas schwierig. Als wir aber f\u00fcndig werden, bekommen wir einen ausgezeichneten &#8222;Seafood-Basket&#8220; im Restaurant &#8222;21 Doon&#8220;.<\/p>\n<p><a href=\"http:\/\/2017.burbankwerner.de\/?page_id=392\"><img loading=\"lazy\" decoding=\"async\" class=\"alignright wp-image-835\" src=\"http:\/\/2017.burbankwerner.de\/wp-content\/uploads\/2017\/11\/weiter-300x122.jpg\" alt=\"\" width=\"170\" height=\"69\" srcset=\"http:\/\/2017.burbankwerner.de\/wp-content\/uploads\/2017\/11\/weiter-300x122.jpg 300w, http:\/\/2017.burbankwerner.de\/wp-content\/uploads\/2017\/11\/weiter.jpg 493w\" sizes=\"(max-width: 170px) 100vw, 170px\" \/><\/a><a href=\"http:\/\/2017.burbankwerner.de\/?page_id=369\"><img loading=\"lazy\" decoding=\"async\" class=\"alignleft wp-image-834\" src=\"http:\/\/2017.burbankwerner.de\/wp-content\/uploads\/2017\/11\/zur\u00fcck-300x121.jpg\" alt=\"\" width=\"170\" height=\"69\" srcset=\"http:\/\/2017.burbankwerner.de\/wp-content\/uploads\/2017\/11\/zur\u00fcck-300x121.jpg 300w, http:\/\/2017.burbankwerner.de\/wp-content\/uploads\/2017\/11\/zur\u00fcck.jpg 494w\" sizes=\"(max-width: 170px) 100vw, 170px\" \/><\/a><\/p>\n","protected":false},"excerpt":{"rendered":"<p>Das Blackdown Tableland ist ein Teil der Queensland Central Highlands, die sich von der K\u00fcste aus ins Inland ziehen. Zum Gl\u00fcck hat sich das Wetter beruhigt, es war zwar die meiste Zeit bedeckt, aber der Morgen war sch\u00f6n und gegen Abend kam wieder die Sonne heraus. Wir sind heute fast alle der kurzen Wanderwege gegangen, &hellip; <a href=\"http:\/\/2017.burbankwerner.de\/?page_id=384\" class=\"more-link\"><span class=\"screen-reader-text\">20. Oktober &#8211; Im Blackdown Tablelands NP<\/span> weiterlesen<\/a><\/p>\n","protected":false},"author":1,"featured_media":0,"parent":0,"menu_order":0,"comment_status":"closed","ping_status":"closed","template":"","meta":{"footnotes":""},"_links":{"self":[{"href":"http:\/\/2017.burbankwerner.de\/index.php?rest_route=\/wp\/v2\/pages\/384"}],"collection":[{"href":"http:\/\/2017.burbankwerner.de\/index.php?rest_route=\/wp\/v2\/pages"}],"about":[{"href":"http:\/\/2017.burbankwerner.de\/index.php?rest_route=\/wp\/v2\/types\/page"}],"author":[{"embeddable":true,"href":"http:\/\/2017.burbankwerner.de\/index.php?rest_route=\/wp\/v2\/users\/1"}],"replies":[{"embeddable":true,"href":"http:\/\/2017.burbankwerner.de\/index.php?rest_route=%2Fwp%2Fv2%2Fcomments&post=384"}],"version-history":[{"count":4,"href":"http:\/\/2017.burbankwerner.de\/index.php?rest_route=\/wp\/v2\/pages\/384\/revisions"}],"predecessor-version":[{"id":1082,"href":"http:\/\/2017.burbankwerner.de\/index.php?rest_route=\/wp\/v2\/pages\/384\/revisions\/1082"}],"wp:attachment":[{"href":"http:\/\/2017.burbankwerner.de\/index.php?rest_route=%2Fwp%2Fv2%2Fmedia&parent=384"}],"curies":[{"name":"wp","href":"https:\/\/api.w.org\/{rel}","templated":true}]}}