{"id":328,"date":"2017-10-16T08:35:22","date_gmt":"2017-10-16T08:35:22","guid":{"rendered":"http:\/\/2017.burbankwerner.de\/?page_id=328"},"modified":"2020-12-27T21:34:25","modified_gmt":"2020-12-27T21:34:25","slug":"16-oktober-port-douglas-im-regen","status":"publish","type":"page","link":"http:\/\/2017.burbankwerner.de\/?page_id=328","title":{"rendered":"16. Oktober &#8211; Port Douglas im Regen"},"content":{"rendered":"<p><img loading=\"lazy\" decoding=\"async\" class=\"alignnone wp-image-330 size-large\" src=\"http:\/\/2017.burbankwerner.de\/wp-content\/uploads\/2017\/10\/2017-10-16-PortD-1024x768.jpg\" alt=\"\" width=\"660\" height=\"495\" srcset=\"http:\/\/2017.burbankwerner.de\/wp-content\/uploads\/2017\/10\/2017-10-16-PortD-1024x768.jpg 1024w, http:\/\/2017.burbankwerner.de\/wp-content\/uploads\/2017\/10\/2017-10-16-PortD-300x225.jpg 300w, http:\/\/2017.burbankwerner.de\/wp-content\/uploads\/2017\/10\/2017-10-16-PortD-768x576.jpg 768w, http:\/\/2017.burbankwerner.de\/wp-content\/uploads\/2017\/10\/2017-10-16-PortD.jpg 1200w\" sizes=\"(max-width: 660px) 100vw, 660px\" \/><\/p>\n<p><a href=\"http:\/\/2017.burbankwerner.de\/?page_id=335\"><img loading=\"lazy\" decoding=\"async\" class=\"alignright wp-image-95\" src=\"http:\/\/2017.burbankwerner.de\/wp-content\/uploads\/2017\/09\/Union-Jack-300x150.png\" alt=\"\" width=\"167\" height=\"84\" srcset=\"http:\/\/2017.burbankwerner.de\/wp-content\/uploads\/2017\/09\/Union-Jack-300x150.png 300w, http:\/\/2017.burbankwerner.de\/wp-content\/uploads\/2017\/09\/Union-Jack-768x384.png 768w, http:\/\/2017.burbankwerner.de\/wp-content\/uploads\/2017\/09\/Union-Jack-1024x512.png 1024w, http:\/\/2017.burbankwerner.de\/wp-content\/uploads\/2017\/09\/Union-Jack.png 1280w\" sizes=\"(max-width: 167px) 100vw, 167px\" \/><\/a>Hier hat jetzt richtig die Regenzeit eingesetzt. F\u00fcr uns die M\u00f6glichkeit, hier im &#8222;upmarket&#8220; (also etwas teureren&#8230;) Ort in Far North Queensland ein bisschen abzuh\u00e4ngen&#8230;<\/p>\n<p>Leider funktionieren unsere Mobiltelefone hier nicht richtig &#8211; und Verbindungen sind Gl\u00fccksache. Nachfragen bei Einheimischen zeigen &#8211; es liegt nicht an den Einstellungen der Handies &#8211; sondern an Telstra, die hier irgendwie Probleme haben.<\/p>\n<p><img loading=\"lazy\" decoding=\"async\" class=\"alignnone size-large wp-image-332\" src=\"http:\/\/2017.burbankwerner.de\/wp-content\/uploads\/2017\/10\/2017-10-16-UnterkunftWW-1024x768.jpg\" alt=\"\" width=\"660\" height=\"495\" srcset=\"http:\/\/2017.burbankwerner.de\/wp-content\/uploads\/2017\/10\/2017-10-16-UnterkunftWW-1024x768.jpg 1024w, http:\/\/2017.burbankwerner.de\/wp-content\/uploads\/2017\/10\/2017-10-16-UnterkunftWW-300x225.jpg 300w, http:\/\/2017.burbankwerner.de\/wp-content\/uploads\/2017\/10\/2017-10-16-UnterkunftWW-768x576.jpg 768w, http:\/\/2017.burbankwerner.de\/wp-content\/uploads\/2017\/10\/2017-10-16-UnterkunftWW.jpg 1200w\" sizes=\"(max-width: 660px) 100vw, 660px\" \/><\/p>\n<p>Das ist unser &#8222;Motel&#8220;, das Coral Beach Resort.<\/p>\n<p>Ganz ohne Aktivit\u00e4ten geht&#8217;s nicht ab &#8211; aber wir haben nicht viel mehr zu bieten, als ein paar Eink\u00e4ufe im \u00f6rtlichen Einkaufszentrum. Immerhin: Annette will heute Abend Fisch grillen und dazu ein paar ausgew\u00e4hlte Gem\u00fcse garen&#8230;<\/p>\n<p>Ob das was wird &#8211; angesichts der grollenden Gewitter und des Regens&#8230;<\/p>\n<p>Zuvor g\u00f6nnt sie sich eine chinesische Massage und kauft\u00a0 Postkarten samt Briefmarken. Eine Postkarte nach Europa kostet hier fast 3 AUD &#8211; also 2 EUR. Das ist schon ganz sch\u00f6n teuer!<\/p>\n<p><img loading=\"lazy\" decoding=\"async\" class=\"alignnone wp-image-331 size-large\" src=\"http:\/\/2017.burbankwerner.de\/wp-content\/uploads\/2017\/10\/2017-10-16-PostAB-1024x768.jpg\" alt=\"\" width=\"660\" height=\"495\" srcset=\"http:\/\/2017.burbankwerner.de\/wp-content\/uploads\/2017\/10\/2017-10-16-PostAB-1024x768.jpg 1024w, http:\/\/2017.burbankwerner.de\/wp-content\/uploads\/2017\/10\/2017-10-16-PostAB-300x225.jpg 300w, http:\/\/2017.burbankwerner.de\/wp-content\/uploads\/2017\/10\/2017-10-16-PostAB-768x576.jpg 768w, http:\/\/2017.burbankwerner.de\/wp-content\/uploads\/2017\/10\/2017-10-16-PostAB.jpg 1200w\" sizes=\"(max-width: 660px) 100vw, 660px\" \/><\/p>\n<p>Morgen wollen wir in jedem Falle noch zur Mossman Gorge, einer Schlucht nicht weit von Port Douglas entfernt. Dann geht es nach Cairns. Dort m\u00fcssen wir umpacken, denn \u00fcbermorgen fr\u00fch um 9:00 Uhr geht unser Zug nach Rockhampton &#8211; 16 Stunden Zugfahrt &#8211; immer der K\u00fcste entlang, 1064 km sagt das Ticket.<\/p>\n<p><a href=\"http:\/\/2017.burbankwerner.de\/?page_id=345\"><img loading=\"lazy\" decoding=\"async\" class=\"alignright wp-image-835\" src=\"http:\/\/2017.burbankwerner.de\/wp-content\/uploads\/2017\/11\/weiter-300x122.jpg\" alt=\"\" width=\"170\" height=\"69\" srcset=\"http:\/\/2017.burbankwerner.de\/wp-content\/uploads\/2017\/11\/weiter-300x122.jpg 300w, http:\/\/2017.burbankwerner.de\/wp-content\/uploads\/2017\/11\/weiter.jpg 493w\" sizes=\"(max-width: 170px) 100vw, 170px\" \/><\/a><a href=\"http:\/\/2017.burbankwerner.de\/?page_id=314\"><img loading=\"lazy\" decoding=\"async\" class=\"alignleft wp-image-834\" src=\"http:\/\/2017.burbankwerner.de\/wp-content\/uploads\/2017\/11\/zur\u00fcck-300x121.jpg\" alt=\"\" width=\"170\" height=\"69\" srcset=\"http:\/\/2017.burbankwerner.de\/wp-content\/uploads\/2017\/11\/zur\u00fcck-300x121.jpg 300w, http:\/\/2017.burbankwerner.de\/wp-content\/uploads\/2017\/11\/zur\u00fcck.jpg 494w\" sizes=\"(max-width: 170px) 100vw, 170px\" \/><\/a><\/p>\n","protected":false},"excerpt":{"rendered":"<p>Hier hat jetzt richtig die Regenzeit eingesetzt. F\u00fcr uns die M\u00f6glichkeit, hier im &#8222;upmarket&#8220; (also etwas teureren&#8230;) Ort in Far North Queensland ein bisschen abzuh\u00e4ngen&#8230; Leider funktionieren unsere Mobiltelefone hier nicht richtig &#8211; und Verbindungen sind Gl\u00fccksache. Nachfragen bei Einheimischen zeigen &#8211; es liegt nicht an den Einstellungen der Handies &#8211; sondern an Telstra, die &hellip; <a href=\"http:\/\/2017.burbankwerner.de\/?page_id=328\" class=\"more-link\"><span class=\"screen-reader-text\">16. Oktober &#8211; Port Douglas im Regen<\/span> weiterlesen<\/a><\/p>\n","protected":false},"author":1,"featured_media":0,"parent":0,"menu_order":0,"comment_status":"closed","ping_status":"closed","template":"","meta":{"footnotes":""},"_links":{"self":[{"href":"http:\/\/2017.burbankwerner.de\/index.php?rest_route=\/wp\/v2\/pages\/328"}],"collection":[{"href":"http:\/\/2017.burbankwerner.de\/index.php?rest_route=\/wp\/v2\/pages"}],"about":[{"href":"http:\/\/2017.burbankwerner.de\/index.php?rest_route=\/wp\/v2\/types\/page"}],"author":[{"embeddable":true,"href":"http:\/\/2017.burbankwerner.de\/index.php?rest_route=\/wp\/v2\/users\/1"}],"replies":[{"embeddable":true,"href":"http:\/\/2017.burbankwerner.de\/index.php?rest_route=%2Fwp%2Fv2%2Fcomments&post=328"}],"version-history":[{"count":6,"href":"http:\/\/2017.burbankwerner.de\/index.php?rest_route=\/wp\/v2\/pages\/328\/revisions"}],"predecessor-version":[{"id":1076,"href":"http:\/\/2017.burbankwerner.de\/index.php?rest_route=\/wp\/v2\/pages\/328\/revisions\/1076"}],"wp:attachment":[{"href":"http:\/\/2017.burbankwerner.de\/index.php?rest_route=%2Fwp%2Fv2%2Fmedia&parent=328"}],"curies":[{"name":"wp","href":"https:\/\/api.w.org\/{rel}","templated":true}]}}