{"id":32,"date":"2017-09-28T13:47:55","date_gmt":"2017-09-28T13:47:55","guid":{"rendered":"http:\/\/2017.burbankwerner.de\/?page_id=32"},"modified":"2020-12-27T21:35:09","modified_gmt":"2020-12-27T21:35:09","slug":"28-september-ausflug-zum-bribie-island","status":"publish","type":"page","link":"http:\/\/2017.burbankwerner.de\/?page_id=32","title":{"rendered":"28. September &#8211; Ausflug zum Bribie-Island"},"content":{"rendered":"<p><a href=\"http:\/\/2017.burbankwerner.de\/?page_id=93\"><img loading=\"lazy\" decoding=\"async\" class=\"alignright wp-image-95\" src=\"http:\/\/2017.burbankwerner.de\/wp-content\/uploads\/2017\/09\/Union-Jack-300x150.png\" alt=\"\" width=\"164\" height=\"82\" srcset=\"http:\/\/2017.burbankwerner.de\/wp-content\/uploads\/2017\/09\/Union-Jack-300x150.png 300w, http:\/\/2017.burbankwerner.de\/wp-content\/uploads\/2017\/09\/Union-Jack-768x384.png 768w, http:\/\/2017.burbankwerner.de\/wp-content\/uploads\/2017\/09\/Union-Jack-1024x512.png 1024w, http:\/\/2017.burbankwerner.de\/wp-content\/uploads\/2017\/09\/Union-Jack.png 1280w\" sizes=\"(max-width: 164px) 100vw, 164px\" \/><\/a>Heute war strahlender Sonnenschein an der Ostk\u00fcste &#8211; und nachdem wir noch einige Buchungen erledigt haben, starten wir gegen Mittag zu einer Spritztour zur Bribie-Insel.<\/p>\n<p>Hier einmal ein \u00dcberblick \u00fcber unsere Umgebung &#8211; n\u00f6rdlich von Brisbane:<\/p>\n<p><img loading=\"lazy\" decoding=\"async\" class=\"alignnone size-full wp-image-33\" src=\"http:\/\/2017.burbankwerner.de\/wp-content\/uploads\/2017\/09\/2017-09-28-Karte1.jpg\" alt=\"\" width=\"1920\" height=\"1080\" srcset=\"http:\/\/2017.burbankwerner.de\/wp-content\/uploads\/2017\/09\/2017-09-28-Karte1.jpg 1920w, http:\/\/2017.burbankwerner.de\/wp-content\/uploads\/2017\/09\/2017-09-28-Karte1-300x169.jpg 300w, http:\/\/2017.burbankwerner.de\/wp-content\/uploads\/2017\/09\/2017-09-28-Karte1-768x432.jpg 768w, http:\/\/2017.burbankwerner.de\/wp-content\/uploads\/2017\/09\/2017-09-28-Karte1-1024x576.jpg 1024w\" sizes=\"(max-width: 1920px) 100vw, 1920px\" \/><\/p>\n<p>Und hier geht es zur Bribrie &#8211; Insel, die in Wirklichkeit eine Halbinsel ist &#8211; denn man kann \u00fcber eine Br\u00fccke vom Festland hingelangen.<\/p>\n<p><img loading=\"lazy\" decoding=\"async\" class=\"alignnone size-full wp-image-34\" src=\"http:\/\/2017.burbankwerner.de\/wp-content\/uploads\/2017\/09\/2017-09-28-Karte2.jpg\" alt=\"\" width=\"1920\" height=\"1080\" srcset=\"http:\/\/2017.burbankwerner.de\/wp-content\/uploads\/2017\/09\/2017-09-28-Karte2.jpg 1920w, http:\/\/2017.burbankwerner.de\/wp-content\/uploads\/2017\/09\/2017-09-28-Karte2-300x169.jpg 300w, http:\/\/2017.burbankwerner.de\/wp-content\/uploads\/2017\/09\/2017-09-28-Karte2-768x432.jpg 768w, http:\/\/2017.burbankwerner.de\/wp-content\/uploads\/2017\/09\/2017-09-28-Karte2-1024x576.jpg 1024w\" sizes=\"(max-width: 1920px) 100vw, 1920px\" \/><\/p>\n<p>Bribrie ist das El Dorado der Rentner von Brisbane. Alles ist auf die &#8222;Elder People&#8220; abgestellt<\/p>\n<p>Es gibt sogar extra Taxis, mit Rollstuhl und Rollator-Transport:<\/p>\n<p><img loading=\"lazy\" decoding=\"async\" class=\"alignnone size-full wp-image-37\" src=\"http:\/\/2017.burbankwerner.de\/wp-content\/uploads\/2017\/09\/2017-09-28-Taxi.jpg\" alt=\"\" width=\"1900\" height=\"1518\" srcset=\"http:\/\/2017.burbankwerner.de\/wp-content\/uploads\/2017\/09\/2017-09-28-Taxi.jpg 1900w, http:\/\/2017.burbankwerner.de\/wp-content\/uploads\/2017\/09\/2017-09-28-Taxi-300x240.jpg 300w, http:\/\/2017.burbankwerner.de\/wp-content\/uploads\/2017\/09\/2017-09-28-Taxi-768x614.jpg 768w, http:\/\/2017.burbankwerner.de\/wp-content\/uploads\/2017\/09\/2017-09-28-Taxi-1024x818.jpg 1024w\" sizes=\"(max-width: 1900px) 100vw, 1900px\" \/><\/p>\n<p>Annette probiert hier die Parkbank mit Aufstehhilfe aus:<\/p>\n<p><img loading=\"lazy\" decoding=\"async\" class=\"alignnone size-full wp-image-39\" src=\"http:\/\/2017.burbankwerner.de\/wp-content\/uploads\/2017\/09\/2017-09-28_Bank.jpg\" alt=\"\" width=\"1900\" height=\"1267\" srcset=\"http:\/\/2017.burbankwerner.de\/wp-content\/uploads\/2017\/09\/2017-09-28_Bank.jpg 1900w, http:\/\/2017.burbankwerner.de\/wp-content\/uploads\/2017\/09\/2017-09-28_Bank-300x200.jpg 300w, http:\/\/2017.burbankwerner.de\/wp-content\/uploads\/2017\/09\/2017-09-28_Bank-768x512.jpg 768w, http:\/\/2017.burbankwerner.de\/wp-content\/uploads\/2017\/09\/2017-09-28_Bank-1024x683.jpg 1024w\" sizes=\"(max-width: 1900px) 100vw, 1900px\" \/><\/p>\n<p>F\u00fcr uns eine sch\u00f6ne Gelegenheit eine erste &#8222;Wanderung&#8220; zu machen &#8211; entlang der Promenade der Insel, die nach Westen, also zum Festland hin ausgerichtet ist.<\/p>\n<p>Der Weg ist wundersch\u00f6n aufbereitet, man geht rund 2,5 km \u00fcber befestigte, Rollstuhl geeignete Wege. Aufpassen muss man nur auf die Rentner, die mit ihren Elektrorollst\u00fchlen verkehrsgef\u00e4hrdene Geschwindigkeiten erreichen&#8230;<\/p>\n<p>\u00dcberall Fischer, die eimerweise Wei\u00dffische aus dem Meer holen &#8211; und sie gleich am Strand ausnehmen. \u00dcber die Reste freuen sich die Pelikane und die allgegenw\u00e4rtigen Ibise:<\/p>\n<p><img loading=\"lazy\" decoding=\"async\" class=\"alignnone size-full wp-image-36\" src=\"http:\/\/2017.burbankwerner.de\/wp-content\/uploads\/2017\/09\/2017-09-28-Pelikane.jpg\" alt=\"\" width=\"1900\" height=\"1134\" srcset=\"http:\/\/2017.burbankwerner.de\/wp-content\/uploads\/2017\/09\/2017-09-28-Pelikane.jpg 1900w, http:\/\/2017.burbankwerner.de\/wp-content\/uploads\/2017\/09\/2017-09-28-Pelikane-300x179.jpg 300w, http:\/\/2017.burbankwerner.de\/wp-content\/uploads\/2017\/09\/2017-09-28-Pelikane-768x458.jpg 768w, http:\/\/2017.burbankwerner.de\/wp-content\/uploads\/2017\/09\/2017-09-28-Pelikane-1024x611.jpg 1024w\" sizes=\"(max-width: 1900px) 100vw, 1900px\" \/><\/p>\n<p>Wir nehmen einen sch\u00f6nen Kaffee in Strandn\u00e4he und wandern bis zu den Mangroven-Str\u00e4nden ganz im S\u00fcden der Insel.<\/p>\n<p>Auf dem R\u00fcckweg ein erstes Bad im Meer:<\/p>\n<p><img loading=\"lazy\" decoding=\"async\" class=\"alignnone size-full wp-image-38\" src=\"http:\/\/2017.burbankwerner.de\/wp-content\/uploads\/2017\/09\/2017-09-28-Wasser.jpg\" alt=\"\" width=\"1900\" height=\"1005\" srcset=\"http:\/\/2017.burbankwerner.de\/wp-content\/uploads\/2017\/09\/2017-09-28-Wasser.jpg 1900w, http:\/\/2017.burbankwerner.de\/wp-content\/uploads\/2017\/09\/2017-09-28-Wasser-300x159.jpg 300w, http:\/\/2017.burbankwerner.de\/wp-content\/uploads\/2017\/09\/2017-09-28-Wasser-768x406.jpg 768w, http:\/\/2017.burbankwerner.de\/wp-content\/uploads\/2017\/09\/2017-09-28-Wasser-1024x542.jpg 1024w\" sizes=\"(max-width: 1900px) 100vw, 1900px\" \/><\/p>\n<p>Schlie\u00dflich fahren wir noch auf die andere, dem Pazifik zugewandten Seite der Insel, wo richtig hohe Wellen an den Sandstrand schlagen.<\/p>\n<p><img loading=\"lazy\" decoding=\"async\" class=\"alignnone size-full wp-image-40\" src=\"http:\/\/2017.burbankwerner.de\/wp-content\/uploads\/2017\/09\/2017-09-28-A_W.jpg\" alt=\"\" width=\"1900\" height=\"1045\" srcset=\"http:\/\/2017.burbankwerner.de\/wp-content\/uploads\/2017\/09\/2017-09-28-A_W.jpg 1900w, http:\/\/2017.burbankwerner.de\/wp-content\/uploads\/2017\/09\/2017-09-28-A_W-300x165.jpg 300w, http:\/\/2017.burbankwerner.de\/wp-content\/uploads\/2017\/09\/2017-09-28-A_W-768x422.jpg 768w, http:\/\/2017.burbankwerner.de\/wp-content\/uploads\/2017\/09\/2017-09-28-A_W-1024x563.jpg 1024w\" sizes=\"(max-width: 1900px) 100vw, 1900px\" \/><\/p>\n<p>Und in Bribie suchen wir erneut die vertraute Firma Aldi auf &#8211; und erstehen eine weitere SIM-Karte, diesmal f\u00fcr Annette. Sie hat jetzt die Rufnummer<\/p>\n<p>+61 490 877 127<\/p>\n<p>Am Abend gehen wir erneut im &#8222;Westcliff&#8220; Shoppingcenter essen. So richtige nette Lokale gibt es eben in den Vororten nicht. Wir sind gespannt, morgen mal Brisbane Innenstadt zu sehen.<\/p>\n<p><a href=\"http:\/\/2017.burbankwerner.de\/?page_id=43\"><img loading=\"lazy\" decoding=\"async\" class=\"alignright wp-image-835\" src=\"http:\/\/2017.burbankwerner.de\/wp-content\/uploads\/2017\/11\/weiter-300x122.jpg\" alt=\"\" width=\"170\" height=\"69\" srcset=\"http:\/\/2017.burbankwerner.de\/wp-content\/uploads\/2017\/11\/weiter-300x122.jpg 300w, http:\/\/2017.burbankwerner.de\/wp-content\/uploads\/2017\/11\/weiter.jpg 493w\" sizes=\"(max-width: 170px) 100vw, 170px\" \/><\/a><a href=\"http:\/\/2017.burbankwerner.de\/?page_id=26\"><img loading=\"lazy\" decoding=\"async\" class=\"alignleft wp-image-834\" src=\"http:\/\/2017.burbankwerner.de\/wp-content\/uploads\/2017\/11\/zur\u00fcck-300x121.jpg\" alt=\"\" width=\"170\" height=\"69\" srcset=\"http:\/\/2017.burbankwerner.de\/wp-content\/uploads\/2017\/11\/zur\u00fcck-300x121.jpg 300w, http:\/\/2017.burbankwerner.de\/wp-content\/uploads\/2017\/11\/zur\u00fcck.jpg 494w\" sizes=\"(max-width: 170px) 100vw, 170px\" \/><\/a><\/p>\n","protected":false},"excerpt":{"rendered":"<p>Heute war strahlender Sonnenschein an der Ostk\u00fcste &#8211; und nachdem wir noch einige Buchungen erledigt haben, starten wir gegen Mittag zu einer Spritztour zur Bribie-Insel. Hier einmal ein \u00dcberblick \u00fcber unsere Umgebung &#8211; n\u00f6rdlich von Brisbane: Und hier geht es zur Bribrie &#8211; Insel, die in Wirklichkeit eine Halbinsel ist &#8211; denn man kann \u00fcber &hellip; <a href=\"http:\/\/2017.burbankwerner.de\/?page_id=32\" class=\"more-link\"><span class=\"screen-reader-text\">28. September &#8211; Ausflug zum Bribie-Island<\/span> weiterlesen<\/a><\/p>\n","protected":false},"author":1,"featured_media":0,"parent":0,"menu_order":0,"comment_status":"closed","ping_status":"closed","template":"","meta":{"footnotes":""},"_links":{"self":[{"href":"http:\/\/2017.burbankwerner.de\/index.php?rest_route=\/wp\/v2\/pages\/32"}],"collection":[{"href":"http:\/\/2017.burbankwerner.de\/index.php?rest_route=\/wp\/v2\/pages"}],"about":[{"href":"http:\/\/2017.burbankwerner.de\/index.php?rest_route=\/wp\/v2\/types\/page"}],"author":[{"embeddable":true,"href":"http:\/\/2017.burbankwerner.de\/index.php?rest_route=\/wp\/v2\/users\/1"}],"replies":[{"embeddable":true,"href":"http:\/\/2017.burbankwerner.de\/index.php?rest_route=%2Fwp%2Fv2%2Fcomments&post=32"}],"version-history":[{"count":4,"href":"http:\/\/2017.burbankwerner.de\/index.php?rest_route=\/wp\/v2\/pages\/32\/revisions"}],"predecessor-version":[{"id":1054,"href":"http:\/\/2017.burbankwerner.de\/index.php?rest_route=\/wp\/v2\/pages\/32\/revisions\/1054"}],"wp:attachment":[{"href":"http:\/\/2017.burbankwerner.de\/index.php?rest_route=%2Fwp%2Fv2%2Fmedia&parent=32"}],"curies":[{"name":"wp","href":"https:\/\/api.w.org\/{rel}","templated":true}]}}