{"id":26,"date":"2017-09-27T12:13:00","date_gmt":"2017-09-27T12:13:00","guid":{"rendered":"http:\/\/2017.burbankwerner.de\/?page_id=26"},"modified":"2020-12-27T21:35:09","modified_gmt":"2020-12-27T21:35:09","slug":"27-september-jetlag-und-shoppen","status":"publish","type":"page","link":"http:\/\/2017.burbankwerner.de\/?page_id=26","title":{"rendered":"27. September &#8211; Jetlag und shoppen"},"content":{"rendered":"<p><a href=\"http:\/\/2017.burbankwerner.de\/?page_id=91\"><img loading=\"lazy\" decoding=\"async\" class=\"alignright wp-image-95\" src=\"http:\/\/2017.burbankwerner.de\/wp-content\/uploads\/2017\/09\/Union-Jack-300x150.png\" alt=\"\" width=\"170\" height=\"85\" srcset=\"http:\/\/2017.burbankwerner.de\/wp-content\/uploads\/2017\/09\/Union-Jack-300x150.png 300w, http:\/\/2017.burbankwerner.de\/wp-content\/uploads\/2017\/09\/Union-Jack-768x384.png 768w, http:\/\/2017.burbankwerner.de\/wp-content\/uploads\/2017\/09\/Union-Jack-1024x512.png 1024w, http:\/\/2017.burbankwerner.de\/wp-content\/uploads\/2017\/09\/Union-Jack.png 1280w\" sizes=\"(max-width: 170px) 100vw, 170px\" \/><\/a>Morgens um 6:30 landete der A 380 in Brisbane. \u00dcbrigens ein sch\u00f6nes Flugzeug &#8211; startet ganz sanft, flog bei uns mindestens super ruhig, Emirates hat einen guten Service und eine akzeptable Beinfreiheit in der Economie &#8211; wer mal bucht: Ein Sitz im vorderen Bereich (Reihen 42 bis 52 oder so) ist sehr viel sch\u00f6ner als weiter hinten, denn im Bereich der Treppe zu den &#8222;oberen Zehntausend&#8220; (soviele sind es nat\u00fcrlich nicht &#8211; aber eben die Business und First Leute) kann man ganz gut mal ne Weile stehen und strecken&#8230;<\/p>\n<p>In Brisbane dann durch Immigration und Zoll. Zum Schluss stellen sie uns noch zu vier oder f\u00fcnf Reisenden mit Gep\u00e4ck in eine Reihe auf &#8211; und dann kommt der Hund vorbei, der bei jedem M\u00fcsliriegel anschl\u00e4gt&#8230;<\/p>\n<p>Mietwagen, ein nerviges Navi-Programm &#8211; und schlie\u00dflich treffen wir bei Daniela ein, bei der wir \u00fcber Homestay ein Zimmer f\u00fcr die ersten N\u00e4chte gebucht haben.<\/p>\n<p>Nach Duschen und einer kleinen Runde Schlaf brechen wir zum Shoppen auf, muss einfach sein &#8211; wir erstehen bei Aldi eine Aldi Talk-SIM Karte &#8211; die &#8211; oh Wunder! &#8211; sogar funktioniert. Wer es probieren m\u00f6chte:<\/p>\n<p>+61 490089668<\/p>\n<p>(aber bitte nicht zwischen 15:00 und 24:00 Uhr deutscher Zeit!!!)<\/p>\n<p>Wir kaufen noch eine Uhr (meine habe ich prompt vergessen) und ein USB-Ladeger\u00e4t f\u00fcr&#8217;s Auto.<\/p>\n<p>Aussehen tut es hier wie eine Mischung aus LA und Widderdorf: LA, denn \u00fcberall in den Outskirts von Brisbane breiten sich die Shopping Centers aus &#8211; ganz wie in den USA.<\/p>\n<p>Doch die Gesch\u00e4fte sind wie in Widderdorf oder Ossendorf: Aldi und IKEA&#8230;<\/p>\n<p>Hier ein kleiner Eindruck von unserer Tour:<\/p>\n<figure id=\"attachment_28\" aria-describedby=\"caption-attachment-28\" style=\"width: 1900px\" class=\"wp-caption alignnone\"><img loading=\"lazy\" decoding=\"async\" class=\"wp-image-28 size-full\" src=\"http:\/\/2017.burbankwerner.de\/wp-content\/uploads\/2017\/09\/2017-09-27-Annette_Shop.jpg\" alt=\"\" width=\"1900\" height=\"1267\" srcset=\"http:\/\/2017.burbankwerner.de\/wp-content\/uploads\/2017\/09\/2017-09-27-Annette_Shop.jpg 1900w, http:\/\/2017.burbankwerner.de\/wp-content\/uploads\/2017\/09\/2017-09-27-Annette_Shop-300x200.jpg 300w, http:\/\/2017.burbankwerner.de\/wp-content\/uploads\/2017\/09\/2017-09-27-Annette_Shop-768x512.jpg 768w, http:\/\/2017.burbankwerner.de\/wp-content\/uploads\/2017\/09\/2017-09-27-Annette_Shop-1024x683.jpg 1024w\" sizes=\"(max-width: 1900px) 100vw, 1900px\" \/><figcaption id=\"caption-attachment-28\" class=\"wp-caption-text\">Annette in der Westfield Shopping Mal<\/figcaption><\/figure>\n<figure id=\"attachment_27\" aria-describedby=\"caption-attachment-27\" style=\"width: 1900px\" class=\"wp-caption alignnone\"><img loading=\"lazy\" decoding=\"async\" class=\"wp-image-27 size-full\" src=\"http:\/\/2017.burbankwerner.de\/wp-content\/uploads\/2017\/09\/2017-09-27-Aldi.jpg\" alt=\"\" width=\"1900\" height=\"1267\" srcset=\"http:\/\/2017.burbankwerner.de\/wp-content\/uploads\/2017\/09\/2017-09-27-Aldi.jpg 1900w, http:\/\/2017.burbankwerner.de\/wp-content\/uploads\/2017\/09\/2017-09-27-Aldi-300x200.jpg 300w, http:\/\/2017.burbankwerner.de\/wp-content\/uploads\/2017\/09\/2017-09-27-Aldi-768x512.jpg 768w, http:\/\/2017.burbankwerner.de\/wp-content\/uploads\/2017\/09\/2017-09-27-Aldi-1024x683.jpg 1024w\" sizes=\"(max-width: 1900px) 100vw, 1900px\" \/><figcaption id=\"caption-attachment-27\" class=\"wp-caption-text\">Wendelin vor Aldi (ist leider im Bild etwas undeutlich. Annette bevorzugt den Healthstore gleich neben an, wo sie ein tolles Massage-\u00d6l &#8211; Castror-\u00d6l erstanden hat)<\/figcaption><\/figure>\n<p><a href=\"http:\/\/2017.burbankwerner.de\/?page_id=32\"><img loading=\"lazy\" decoding=\"async\" class=\"alignright wp-image-835\" src=\"http:\/\/2017.burbankwerner.de\/wp-content\/uploads\/2017\/11\/weiter-300x122.jpg\" alt=\"\" width=\"170\" height=\"69\" srcset=\"http:\/\/2017.burbankwerner.de\/wp-content\/uploads\/2017\/11\/weiter-300x122.jpg 300w, http:\/\/2017.burbankwerner.de\/wp-content\/uploads\/2017\/11\/weiter.jpg 493w\" sizes=\"(max-width: 170px) 100vw, 170px\" \/><\/a><a href=\"http:\/\/2017.burbankwerner.de\/?page_id=22\"><img loading=\"lazy\" decoding=\"async\" class=\"alignleft wp-image-834\" src=\"http:\/\/2017.burbankwerner.de\/wp-content\/uploads\/2017\/11\/zur\u00fcck-300x121.jpg\" alt=\"\" width=\"170\" height=\"69\" srcset=\"http:\/\/2017.burbankwerner.de\/wp-content\/uploads\/2017\/11\/zur\u00fcck-300x121.jpg 300w, http:\/\/2017.burbankwerner.de\/wp-content\/uploads\/2017\/11\/zur\u00fcck.jpg 494w\" sizes=\"(max-width: 170px) 100vw, 170px\" \/><\/a><\/p>\n","protected":false},"excerpt":{"rendered":"<p>Morgens um 6:30 landete der A 380 in Brisbane. \u00dcbrigens ein sch\u00f6nes Flugzeug &#8211; startet ganz sanft, flog bei uns mindestens super ruhig, Emirates hat einen guten Service und eine akzeptable Beinfreiheit in der Economie &#8211; wer mal bucht: Ein Sitz im vorderen Bereich (Reihen 42 bis 52 oder so) ist sehr viel sch\u00f6ner als &hellip; <a href=\"http:\/\/2017.burbankwerner.de\/?page_id=26\" class=\"more-link\"><span class=\"screen-reader-text\">27. September &#8211; Jetlag und shoppen<\/span> weiterlesen<\/a><\/p>\n","protected":false},"author":1,"featured_media":0,"parent":0,"menu_order":0,"comment_status":"closed","ping_status":"closed","template":"","meta":{"footnotes":""},"_links":{"self":[{"href":"http:\/\/2017.burbankwerner.de\/index.php?rest_route=\/wp\/v2\/pages\/26"}],"collection":[{"href":"http:\/\/2017.burbankwerner.de\/index.php?rest_route=\/wp\/v2\/pages"}],"about":[{"href":"http:\/\/2017.burbankwerner.de\/index.php?rest_route=\/wp\/v2\/types\/page"}],"author":[{"embeddable":true,"href":"http:\/\/2017.burbankwerner.de\/index.php?rest_route=\/wp\/v2\/users\/1"}],"replies":[{"embeddable":true,"href":"http:\/\/2017.burbankwerner.de\/index.php?rest_route=%2Fwp%2Fv2%2Fcomments&post=26"}],"version-history":[{"count":5,"href":"http:\/\/2017.burbankwerner.de\/index.php?rest_route=\/wp\/v2\/pages\/26\/revisions"}],"predecessor-version":[{"id":1053,"href":"http:\/\/2017.burbankwerner.de\/index.php?rest_route=\/wp\/v2\/pages\/26\/revisions\/1053"}],"wp:attachment":[{"href":"http:\/\/2017.burbankwerner.de\/index.php?rest_route=%2Fwp%2Fv2%2Fmedia&parent=26"}],"curies":[{"name":"wp","href":"https:\/\/api.w.org\/{rel}","templated":true}]}}